{"id":10593,"date":"2022-11-09T16:59:09","date_gmt":"2022-11-09T15:59:09","guid":{"rendered":"https:\/\/www.tagina.it\/referenze\/habitation-privee\/"},"modified":"2025-11-27T12:12:24","modified_gmt":"2025-11-27T11:12:24","slug":"habitation-privee","status":"publish","type":"referenze","link":"https:\/\/www.tagina.it\/fr\/referenze\/habitation-privee\/","title":{"rendered":"Lilac"},"content":{"rendered":"<p>Tagina a \u00e9t\u00e9 personnellement choisie par l\u2019Architecte d&#8217;int\u00e9rieur Vittoria Ostini pour la r\u00e9novation de sa r\u00e9sidence \u00e0 Lurago Marinone (CO).<\/p>\n<p>Pour son projet, l\u2019architecte a choisi Lilac, la collection effet marbre pleine de personnalit\u00e9 et de mordant, utilis\u00e9e dans sa finition brillante et dans le format 60 x 120 en 10 mm d&#8217;\u00e9paisseur.<\/p>\n<p>L\u2019escalier est un \u00e9l\u00e9ment particuli\u00e8rement important, il fait le lien entre le rez-de-chauss\u00e9e et la mezzanine, c\u2019est la carte de visite de la maison. Et le v\u00e9ritable protagoniste de la maison gr\u00e2ce \u00e0 l&#8217;utilisation de l\u2019\u00e9l\u00e9ment cache-ar\u00eate triangulaire qui permet aux veines de Lilac de courir en continu tout au long de l&#8217;escalier, de la premi\u00e8re \u00e0 la derni\u00e8re marche.<\/p>\n","protected":false},"featured_media":10413,"parent":0,"template":"","tipologie":[141],"class_list":["post-10593","referenze","type-referenze","status-publish","has-post-thumbnail","hentry","tipologie-realisations"],"acf":[],"yoast_head":"<!-- This site is optimized with the Yoast SEO plugin v27.4 - https:\/\/yoast.com\/product\/yoast-seo-wordpress\/ -->\n<title>Lilac - Tagina<\/title>\n<meta name=\"robots\" content=\"index, follow, max-snippet:-1, max-image-preview:large, max-video-preview:-1\" \/>\n<link rel=\"canonical\" href=\"https:\/\/www.tagina.it\/fr\/referenze\/habitation-privee\/\" \/>\n<meta property=\"og:locale\" content=\"fr_FR\" \/>\n<meta property=\"og:type\" content=\"article\" \/>\n<meta property=\"og:title\" content=\"Lilac - Tagina\" \/>\n<meta property=\"og:description\" content=\"Tagina a \u00e9t\u00e9 personnellement choisie par l\u2019Architecte d&#8217;int\u00e9rieur Vittoria Ostini pour la r\u00e9novation de sa r\u00e9sidence \u00e0 Lurago Marinone (CO). Pour son projet, l\u2019architecte a choisi Lilac, la collection effet marbre pleine de personnalit\u00e9 et de mordant, utilis\u00e9e dans sa finition brillante et dans le format 60 x 120 en 10 mm d&#8217;\u00e9paisseur. L\u2019escalier est [&hellip;]\" \/>\n<meta property=\"og:url\" content=\"https:\/\/www.tagina.it\/fr\/referenze\/habitation-privee\/\" \/>\n<meta property=\"og:site_name\" content=\"Tagina\" \/>\n<meta property=\"article:modified_time\" content=\"2025-11-27T11:12:24+00:00\" \/>\n<meta property=\"og:image\" content=\"https:\/\/www.tagina.it\/tag21\/tg21-cont\/uploads\/2022\/10\/Copertina.jpg\" \/>\n\t<meta property=\"og:image:width\" content=\"1600\" \/>\n\t<meta property=\"og:image:height\" content=\"1460\" \/>\n\t<meta property=\"og:image:type\" content=\"image\/jpeg\" \/>\n<meta name=\"twitter:card\" content=\"summary_large_image\" \/>\n<meta name=\"twitter:label1\" content=\"Est. reading time\" \/>\n\t<meta name=\"twitter:data1\" content=\"1 minute\" \/>\n<script type=\"application\/ld+json\" class=\"yoast-schema-graph\">{\"@context\":\"https:\\\/\\\/schema.org\",\"@graph\":[{\"@type\":\"WebPage\",\"@id\":\"https:\\\/\\\/www.tagina.it\\\/fr\\\/referenze\\\/habitation-privee\\\/\",\"url\":\"https:\\\/\\\/www.tagina.it\\\/fr\\\/referenze\\\/habitation-privee\\\/\",\"name\":\"Lilac - Tagina\",\"isPartOf\":{\"@id\":\"https:\\\/\\\/www.tagina.it\\\/fr\\\/#website\"},\"primaryImageOfPage\":{\"@id\":\"https:\\\/\\\/www.tagina.it\\\/fr\\\/referenze\\\/habitation-privee\\\/#primaryimage\"},\"image\":{\"@id\":\"https:\\\/\\\/www.tagina.it\\\/fr\\\/referenze\\\/habitation-privee\\\/#primaryimage\"},\"thumbnailUrl\":\"https:\\\/\\\/www.tagina.it\\\/tag21\\\/tg21-cont\\\/uploads\\\/2022\\\/10\\\/Copertina.jpg\",\"datePublished\":\"2022-11-09T15:59:09+00:00\",\"dateModified\":\"2025-11-27T11:12:24+00:00\",\"breadcrumb\":{\"@id\":\"https:\\\/\\\/www.tagina.it\\\/fr\\\/referenze\\\/habitation-privee\\\/#breadcrumb\"},\"inLanguage\":\"fr-FR\",\"potentialAction\":[{\"@type\":\"ReadAction\",\"target\":[\"https:\\\/\\\/www.tagina.it\\\/fr\\\/referenze\\\/habitation-privee\\\/\"]}]},{\"@type\":\"ImageObject\",\"inLanguage\":\"fr-FR\",\"@id\":\"https:\\\/\\\/www.tagina.it\\\/fr\\\/referenze\\\/habitation-privee\\\/#primaryimage\",\"url\":\"https:\\\/\\\/www.tagina.it\\\/tag21\\\/tg21-cont\\\/uploads\\\/2022\\\/10\\\/Copertina.jpg\",\"contentUrl\":\"https:\\\/\\\/www.tagina.it\\\/tag21\\\/tg21-cont\\\/uploads\\\/2022\\\/10\\\/Copertina.jpg\",\"width\":1600,\"height\":1460,\"caption\":\"lilac-60x120-10mm-lucido\"},{\"@type\":\"BreadcrumbList\",\"@id\":\"https:\\\/\\\/www.tagina.it\\\/fr\\\/referenze\\\/habitation-privee\\\/#breadcrumb\",\"itemListElement\":[{\"@type\":\"ListItem\",\"position\":1,\"name\":\"Home\",\"item\":\"https:\\\/\\\/www.tagina.it\\\/fr\\\/\"},{\"@type\":\"ListItem\",\"position\":2,\"name\":\"Referenze\",\"item\":\"https:\\\/\\\/www.tagina.it\\\/fr\\\/referenze\\\/\"},{\"@type\":\"ListItem\",\"position\":3,\"name\":\"R\u00e9alisations\",\"item\":\"https:\\\/\\\/www.tagina.it\\\/fr\\\/tipologie\\\/realisations\\\/\"},{\"@type\":\"ListItem\",\"position\":4,\"name\":\"Lilac\"}]},{\"@type\":\"WebSite\",\"@id\":\"https:\\\/\\\/www.tagina.it\\\/fr\\\/#website\",\"url\":\"https:\\\/\\\/www.tagina.it\\\/fr\\\/\",\"name\":\"Tagina\",\"description\":\"Storie di stile\",\"publisher\":{\"@id\":\"https:\\\/\\\/www.tagina.it\\\/fr\\\/#organization\"},\"potentialAction\":[{\"@type\":\"SearchAction\",\"target\":{\"@type\":\"EntryPoint\",\"urlTemplate\":\"https:\\\/\\\/www.tagina.it\\\/fr\\\/?s={search_term_string}\"},\"query-input\":{\"@type\":\"PropertyValueSpecification\",\"valueRequired\":true,\"valueName\":\"search_term_string\"}}],\"inLanguage\":\"fr-FR\"},{\"@type\":\"Organization\",\"@id\":\"https:\\\/\\\/www.tagina.it\\\/fr\\\/#organization\",\"name\":\"Tagina\",\"url\":\"https:\\\/\\\/www.tagina.it\\\/fr\\\/\",\"logo\":{\"@type\":\"ImageObject\",\"inLanguage\":\"fr-FR\",\"@id\":\"https:\\\/\\\/www.tagina.it\\\/fr\\\/#\\\/schema\\\/logo\\\/image\\\/\",\"url\":\"https:\\\/\\\/www.tagina.it\\\/tag21\\\/tg21-cont\\\/uploads\\\/2020\\\/12\\\/tagina-logo-h-bianco-oro.svg\",\"contentUrl\":\"https:\\\/\\\/www.tagina.it\\\/tag21\\\/tg21-cont\\\/uploads\\\/2020\\\/12\\\/tagina-logo-h-bianco-oro.svg\",\"width\":100,\"height\":100,\"caption\":\"Tagina\"},\"image\":{\"@id\":\"https:\\\/\\\/www.tagina.it\\\/fr\\\/#\\\/schema\\\/logo\\\/image\\\/\"}}]}<\/script>\n<!-- \/ Yoast SEO plugin. -->","yoast_head_json":{"title":"Lilac - Tagina","robots":{"index":"index","follow":"follow","max-snippet":"max-snippet:-1","max-image-preview":"max-image-preview:large","max-video-preview":"max-video-preview:-1"},"canonical":"https:\/\/www.tagina.it\/fr\/referenze\/habitation-privee\/","og_locale":"fr_FR","og_type":"article","og_title":"Lilac - Tagina","og_description":"Tagina a \u00e9t\u00e9 personnellement choisie par l\u2019Architecte d&#8217;int\u00e9rieur Vittoria Ostini pour la r\u00e9novation de sa r\u00e9sidence \u00e0 Lurago Marinone (CO). Pour son projet, l\u2019architecte a choisi Lilac, la collection effet marbre pleine de personnalit\u00e9 et de mordant, utilis\u00e9e dans sa finition brillante et dans le format 60 x 120 en 10 mm d&#8217;\u00e9paisseur. L\u2019escalier est [&hellip;]","og_url":"https:\/\/www.tagina.it\/fr\/referenze\/habitation-privee\/","og_site_name":"Tagina","article_modified_time":"2025-11-27T11:12:24+00:00","og_image":[{"width":1600,"height":1460,"url":"https:\/\/www.tagina.it\/tag21\/tg21-cont\/uploads\/2022\/10\/Copertina.jpg","type":"image\/jpeg"}],"twitter_card":"summary_large_image","twitter_misc":{"Est. reading time":"1 minute"},"schema":{"@context":"https:\/\/schema.org","@graph":[{"@type":"WebPage","@id":"https:\/\/www.tagina.it\/fr\/referenze\/habitation-privee\/","url":"https:\/\/www.tagina.it\/fr\/referenze\/habitation-privee\/","name":"Lilac - Tagina","isPartOf":{"@id":"https:\/\/www.tagina.it\/fr\/#website"},"primaryImageOfPage":{"@id":"https:\/\/www.tagina.it\/fr\/referenze\/habitation-privee\/#primaryimage"},"image":{"@id":"https:\/\/www.tagina.it\/fr\/referenze\/habitation-privee\/#primaryimage"},"thumbnailUrl":"https:\/\/www.tagina.it\/tag21\/tg21-cont\/uploads\/2022\/10\/Copertina.jpg","datePublished":"2022-11-09T15:59:09+00:00","dateModified":"2025-11-27T11:12:24+00:00","breadcrumb":{"@id":"https:\/\/www.tagina.it\/fr\/referenze\/habitation-privee\/#breadcrumb"},"inLanguage":"fr-FR","potentialAction":[{"@type":"ReadAction","target":["https:\/\/www.tagina.it\/fr\/referenze\/habitation-privee\/"]}]},{"@type":"ImageObject","inLanguage":"fr-FR","@id":"https:\/\/www.tagina.it\/fr\/referenze\/habitation-privee\/#primaryimage","url":"https:\/\/www.tagina.it\/tag21\/tg21-cont\/uploads\/2022\/10\/Copertina.jpg","contentUrl":"https:\/\/www.tagina.it\/tag21\/tg21-cont\/uploads\/2022\/10\/Copertina.jpg","width":1600,"height":1460,"caption":"lilac-60x120-10mm-lucido"},{"@type":"BreadcrumbList","@id":"https:\/\/www.tagina.it\/fr\/referenze\/habitation-privee\/#breadcrumb","itemListElement":[{"@type":"ListItem","position":1,"name":"Home","item":"https:\/\/www.tagina.it\/fr\/"},{"@type":"ListItem","position":2,"name":"Referenze","item":"https:\/\/www.tagina.it\/fr\/referenze\/"},{"@type":"ListItem","position":3,"name":"R\u00e9alisations","item":"https:\/\/www.tagina.it\/fr\/tipologie\/realisations\/"},{"@type":"ListItem","position":4,"name":"Lilac"}]},{"@type":"WebSite","@id":"https:\/\/www.tagina.it\/fr\/#website","url":"https:\/\/www.tagina.it\/fr\/","name":"Tagina","description":"Storie di stile","publisher":{"@id":"https:\/\/www.tagina.it\/fr\/#organization"},"potentialAction":[{"@type":"SearchAction","target":{"@type":"EntryPoint","urlTemplate":"https:\/\/www.tagina.it\/fr\/?s={search_term_string}"},"query-input":{"@type":"PropertyValueSpecification","valueRequired":true,"valueName":"search_term_string"}}],"inLanguage":"fr-FR"},{"@type":"Organization","@id":"https:\/\/www.tagina.it\/fr\/#organization","name":"Tagina","url":"https:\/\/www.tagina.it\/fr\/","logo":{"@type":"ImageObject","inLanguage":"fr-FR","@id":"https:\/\/www.tagina.it\/fr\/#\/schema\/logo\/image\/","url":"https:\/\/www.tagina.it\/tag21\/tg21-cont\/uploads\/2020\/12\/tagina-logo-h-bianco-oro.svg","contentUrl":"https:\/\/www.tagina.it\/tag21\/tg21-cont\/uploads\/2020\/12\/tagina-logo-h-bianco-oro.svg","width":100,"height":100,"caption":"Tagina"},"image":{"@id":"https:\/\/www.tagina.it\/fr\/#\/schema\/logo\/image\/"}}]}},"_links":{"self":[{"href":"https:\/\/www.tagina.it\/fr\/wp-json\/wp\/v2\/referenze\/10593","targetHints":{"allow":["GET"]}}],"collection":[{"href":"https:\/\/www.tagina.it\/fr\/wp-json\/wp\/v2\/referenze"}],"about":[{"href":"https:\/\/www.tagina.it\/fr\/wp-json\/wp\/v2\/types\/referenze"}],"wp:featuredmedia":[{"embeddable":true,"href":"https:\/\/www.tagina.it\/fr\/wp-json\/wp\/v2\/media\/10413"}],"wp:attachment":[{"href":"https:\/\/www.tagina.it\/fr\/wp-json\/wp\/v2\/media?parent=10593"}],"wp:term":[{"taxonomy":"tipologie","embeddable":true,"href":"https:\/\/www.tagina.it\/fr\/wp-json\/wp\/v2\/tipologie?post=10593"}],"curies":[{"name":"wp","href":"https:\/\/api.w.org\/{rel}","templated":true}]}}

<p>Tagina a été personnellement choisie par l’Architecte d&#8217;intérieur Vittoria Ostini pour la rénovation de sa résidence à Lurago Marinone (CO).</p>
<p>Pour son projet, l’architecte a choisi Lilac, la collection effet marbre pleine de personnalité et de mordant, utilisée dans sa finition brillante et dans le format 60 x 120 en 10 mm d&#8217;épaisseur.</p>
<p>L’escalier est un élément particulièrement important, il fait le lien entre le rez-de-chaussée et la mezzanine, c’est la carte de visite de la maison. Et le véritable protagoniste de la maison grâce à l&#8217;utilisation de l’élément cache-arête triangulaire qui permet aux veines de Lilac de courir en continu tout au long de l&#8217;escalier, de la première à la dernière marche.</p>

<!-- This site is optimized with the Yoast SEO plugin v27.4 - https://yoast.com/product/yoast-seo-wordpress/ -->
<title>Lilac - Tagina</title>
<meta name="robots" content="index, follow, max-snippet:-1, max-image-preview:large, max-video-preview:-1" />
<link rel="canonical" href="https://www.tagina.it/fr/referenze/habitation-privee/" />
<meta property="og:locale" content="fr_FR" />
<meta property="og:type" content="article" />
<meta property="og:title" content="Lilac - Tagina" />
<meta property="og:description" content="Tagina a été personnellement choisie par l’Architecte d&#8217;intérieur Vittoria Ostini pour la rénovation de sa résidence à Lurago Marinone (CO). Pour son projet, l’architecte a choisi Lilac, la collection effet marbre pleine de personnalité et de mordant, utilisée dans sa finition brillante et dans le format 60 x 120 en 10 mm d&#8217;épaisseur. L’escalier est [&hellip;]" />
<meta property="og:url" content="https://www.tagina.it/fr/referenze/habitation-privee/" />
<meta property="og:site_name" content="Tagina" />
<meta property="article:modified_time" content="2025-11-27T11:12:24+00:00" />
<meta property="og:image" content="https://www.tagina.it/tag21/tg21-cont/uploads/2022/10/Copertina.jpg" />
	<meta property="og:image:width" content="1600" />
	<meta property="og:image:height" content="1460" />
	<meta property="og:image:type" content="image/jpeg" />
<meta name="twitter:card" content="summary_large_image" />
<meta name="twitter:label1" content="Est. reading time" />
	<meta name="twitter:data1" content="1 minute" />
<script type="application/ld+json" class="yoast-schema-graph">{"@context":"https:\/\/schema.org","@graph":[{"@type":"WebPage","@id":"https:\/\/www.tagina.it\/fr\/referenze\/habitation-privee\/","url":"https:\/\/www.tagina.it\/fr\/referenze\/habitation-privee\/","name":"Lilac - Tagina","isPartOf":{"@id":"https:\/\/www.tagina.it\/fr\/#website"},"primaryImageOfPage":{"@id":"https:\/\/www.tagina.it\/fr\/referenze\/habitation-privee\/#primaryimage"},"image":{"@id":"https:\/\/www.tagina.it\/fr\/referenze\/habitation-privee\/#primaryimage"},"thumbnailUrl":"https:\/\/www.tagina.it\/tag21\/tg21-cont\/uploads\/2022\/10\/Copertina.jpg","datePublished":"2022-11-09T15:59:09+00:00","dateModified":"2025-11-27T11:12:24+00:00","breadcrumb":{"@id":"https:\/\/www.tagina.it\/fr\/referenze\/habitation-privee\/#breadcrumb"},"inLanguage":"fr-FR","potentialAction":[{"@type":"ReadAction","target":["https:\/\/www.tagina.it\/fr\/referenze\/habitation-privee\/"]}]},{"@type":"ImageObject","inLanguage":"fr-FR","@id":"https:\/\/www.tagina.it\/fr\/referenze\/habitation-privee\/#primaryimage","url":"https:\/\/www.tagina.it\/tag21\/tg21-cont\/uploads\/2022\/10\/Copertina.jpg","contentUrl":"https:\/\/www.tagina.it\/tag21\/tg21-cont\/uploads\/2022\/10\/Copertina.jpg","width":1600,"height":1460,"caption":"lilac-60x120-10mm-lucido"},{"@type":"BreadcrumbList","@id":"https:\/\/www.tagina.it\/fr\/referenze\/habitation-privee\/#breadcrumb","itemListElement":[{"@type":"ListItem","position":1,"name":"Home","item":"https:\/\/www.tagina.it\/fr\/"},{"@type":"ListItem","position":2,"name":"Referenze","item":"https:\/\/www.tagina.it\/fr\/referenze\/"},{"@type":"ListItem","position":3,"name":"Réalisations","item":"https:\/\/www.tagina.it\/fr\/tipologie\/realisations\/"},{"@type":"ListItem","position":4,"name":"Lilac"}]},{"@type":"WebSite","@id":"https:\/\/www.tagina.it\/fr\/#website","url":"https:\/\/www.tagina.it\/fr\/","name":"Tagina","description":"Storie di stile","publisher":{"@id":"https:\/\/www.tagina.it\/fr\/#organization"},"potentialAction":[{"@type":"SearchAction","target":{"@type":"EntryPoint","urlTemplate":"https:\/\/www.tagina.it\/fr\/?s={search_term_string}"},"query-input":{"@type":"PropertyValueSpecification","valueRequired":true,"valueName":"search_term_string"}}],"inLanguage":"fr-FR"},{"@type":"Organization","@id":"https:\/\/www.tagina.it\/fr\/#organization","name":"Tagina","url":"https:\/\/www.tagina.it\/fr\/","logo":{"@type":"ImageObject","inLanguage":"fr-FR","@id":"https:\/\/www.tagina.it\/fr\/#\/schema\/logo\/image\/","url":"https:\/\/www.tagina.it\/tag21\/tg21-cont\/uploads\/2020\/12\/tagina-logo-h-bianco-oro.svg","contentUrl":"https:\/\/www.tagina.it\/tag21\/tg21-cont\/uploads\/2020\/12\/tagina-logo-h-bianco-oro.svg","width":100,"height":100,"caption":"Tagina"},"image":{"@id":"https:\/\/www.tagina.it\/fr\/#\/schema\/logo\/image\/"}}]}</script>
<!-- / Yoast SEO plugin. -->

Tagina a été personnellement choisie par l’Architecte d&#8217;intérieur Vittoria Ostini pour la rénovation de sa résidence à Lurago Marinone (CO). Pour son projet, l’architecte a choisi Lilac, la collection effet marbre pleine de personnalité et de mordant, utilisée dans sa finition brillante et dans le format 60 x 120 en 10 mm d&#8217;épaisseur. L’escalier est [&hellip;]

Réalisations
