{"id":6001,"date":"2021-09-25T17:50:37","date_gmt":"2021-09-25T15:50:37","guid":{"rendered":"https:\/\/www.tagina.it\/?post_type=collezioni&#038;p=6001"},"modified":"2025-03-27T12:30:44","modified_gmt":"2025-03-27T11:30:44","slug":"marquina","status":"publish","type":"collezioni","link":"https:\/\/www.tagina.it\/fr\/collezioni\/marquina\/","title":{"rendered":"Marquina"},"content":{"rendered":"<p>MARQUINA NERO by Tagina se caract\u00e9rise par la couleur noire intense du fond, interrompue par des marbrures diagonales de couleur grises\/blanches. Il s\u2019inspire du marbre naturel dont il prend le nom et se distingue par le degr\u00e9 \u00e9lev\u00e9 de gloss de la surface, une brillance et profondeur particuli\u00e8res obtenues \u00e0 travers l\u2019utilisation pour la production de graviers de derni\u00e8re g\u00e9n\u00e9ration.<\/p>\n","protected":false},"excerpt":{"rendered":"<p>MARQUINA NERO by Tagina se caract\u00e9rise par la couleur noire intense du fond, interrompue par des marbrures diagonales de couleur grises\/blanches. Il s\u2019inspire du marbre naturel dont il prend le nom et se distingue par le degr\u00e9 \u00e9lev\u00e9 de gloss de la surface, une brillance et profondeur particuli\u00e8res obtenues \u00e0 travers l\u2019utilisation pour la production [&hellip;]<\/p>\n","protected":false},"featured_media":5967,"parent":0,"menu_order":90,"template":"","meta":{"_acf_changed":false,"footnotes":""},"superfici":[146],"spessori":[99,190],"formati":[97,98,82,22,187],"look":[149],"decori":[304],"class_list":["post-6001","collezioni","type-collezioni","status-publish","has-post-thumbnail","hentry","superfici-brillant","spessori-6-mm","spessori-9-mm","formati-160x320-cm","formati-120x280-cm","formati-120x120-cm","formati-60x120-cm","formati-80x80-cm","look-marble-onyx-fr","decori-mosaico-5x5-30x30-cm"],"acf":[],"yoast_head":"<!-- This site is optimized with the Yoast SEO plugin v27.4 - https:\/\/yoast.com\/product\/yoast-seo-wordpress\/ -->\n<title>Marquina - Tagina<\/title>\n<meta name=\"description\" content=\"Carreaux et dalles en gr\u00e8s c\u00e9rame de grand format \u00e0 effet marbre noir Marquina, avec des veines profondes blanches et gris clair pour les sols et les rev\u00eatements muraux.\" \/>\n<meta name=\"robots\" content=\"index, follow, max-snippet:-1, max-image-preview:large, max-video-preview:-1\" \/>\n<link rel=\"canonical\" href=\"https:\/\/www.tagina.it\/fr\/collezioni\/marquina\/\" \/>\n<meta property=\"og:locale\" content=\"fr_FR\" \/>\n<meta property=\"og:type\" content=\"article\" \/>\n<meta property=\"og:title\" content=\"Marquina - Tagina\" \/>\n<meta property=\"og:description\" content=\"Carreaux et dalles en gr\u00e8s c\u00e9rame de grand format \u00e0 effet marbre noir Marquina, avec des veines profondes blanches et gris clair pour les sols et les rev\u00eatements muraux.\" \/>\n<meta property=\"og:url\" content=\"https:\/\/www.tagina.it\/fr\/collezioni\/marquina\/\" \/>\n<meta property=\"og:site_name\" content=\"Tagina\" \/>\n<meta property=\"article:modified_time\" content=\"2025-03-27T11:30:44+00:00\" \/>\n<meta property=\"og:image\" content=\"https:\/\/www.tagina.it\/tag21\/tg21-cont\/uploads\/2021\/09\/CUCINA-ROCCIA-DEF-V2-scaled.jpg\" \/>\n\t<meta property=\"og:image:width\" content=\"2560\" \/>\n\t<meta property=\"og:image:height\" content=\"1810\" \/>\n\t<meta property=\"og:image:type\" content=\"image\/jpeg\" \/>\n<meta name=\"twitter:card\" content=\"summary_large_image\" \/>\n<meta name=\"twitter:label1\" content=\"Est. reading time\" \/>\n\t<meta name=\"twitter:data1\" content=\"1 minute\" \/>\n<script type=\"application\/ld+json\" class=\"yoast-schema-graph\">{\"@context\":\"https:\\\/\\\/schema.org\",\"@graph\":[{\"@type\":\"WebPage\",\"@id\":\"https:\\\/\\\/www.tagina.it\\\/fr\\\/collezioni\\\/marquina\\\/\",\"url\":\"https:\\\/\\\/www.tagina.it\\\/fr\\\/collezioni\\\/marquina\\\/\",\"name\":\"Marquina - Tagina\",\"isPartOf\":{\"@id\":\"https:\\\/\\\/www.tagina.it\\\/fr\\\/#website\"},\"primaryImageOfPage\":{\"@id\":\"https:\\\/\\\/www.tagina.it\\\/fr\\\/collezioni\\\/marquina\\\/#primaryimage\"},\"image\":{\"@id\":\"https:\\\/\\\/www.tagina.it\\\/fr\\\/collezioni\\\/marquina\\\/#primaryimage\"},\"thumbnailUrl\":\"https:\\\/\\\/www.tagina.it\\\/tag21\\\/tg21-cont\\\/uploads\\\/2021\\\/09\\\/CUCINA-ROCCIA-DEF-V2-scaled.jpg\",\"datePublished\":\"2021-09-25T15:50:37+00:00\",\"dateModified\":\"2025-03-27T11:30:44+00:00\",\"description\":\"Carreaux et dalles en gr\u00e8s c\u00e9rame de grand format \u00e0 effet marbre noir Marquina, avec des veines profondes blanches et gris clair pour les sols et les rev\u00eatements muraux.\",\"breadcrumb\":{\"@id\":\"https:\\\/\\\/www.tagina.it\\\/fr\\\/collezioni\\\/marquina\\\/#breadcrumb\"},\"inLanguage\":\"fr-FR\",\"potentialAction\":[{\"@type\":\"ReadAction\",\"target\":[\"https:\\\/\\\/www.tagina.it\\\/fr\\\/collezioni\\\/marquina\\\/\"]}]},{\"@type\":\"ImageObject\",\"inLanguage\":\"fr-FR\",\"@id\":\"https:\\\/\\\/www.tagina.it\\\/fr\\\/collezioni\\\/marquina\\\/#primaryimage\",\"url\":\"https:\\\/\\\/www.tagina.it\\\/tag21\\\/tg21-cont\\\/uploads\\\/2021\\\/09\\\/CUCINA-ROCCIA-DEF-V2-scaled.jpg\",\"contentUrl\":\"https:\\\/\\\/www.tagina.it\\\/tag21\\\/tg21-cont\\\/uploads\\\/2021\\\/09\\\/CUCINA-ROCCIA-DEF-V2-scaled.jpg\",\"width\":2560,\"height\":1810,\"caption\":\"Cuisine en gr\u00e8s c\u00e9rame effet marbre noir vein\u00e9 de blanc.\"},{\"@type\":\"BreadcrumbList\",\"@id\":\"https:\\\/\\\/www.tagina.it\\\/fr\\\/collezioni\\\/marquina\\\/#breadcrumb\",\"itemListElement\":[{\"@type\":\"ListItem\",\"position\":1,\"name\":\"Home\",\"item\":\"https:\\\/\\\/www.tagina.it\\\/fr\\\/\"},{\"@type\":\"ListItem\",\"position\":2,\"name\":\"Collezioni\",\"item\":\"https:\\\/\\\/www.tagina.it\\\/fr\\\/collezioni\\\/\"},{\"@type\":\"ListItem\",\"position\":3,\"name\":\"Marquina\"}]},{\"@type\":\"WebSite\",\"@id\":\"https:\\\/\\\/www.tagina.it\\\/fr\\\/#website\",\"url\":\"https:\\\/\\\/www.tagina.it\\\/fr\\\/\",\"name\":\"Tagina\",\"description\":\"Storie di stile\",\"publisher\":{\"@id\":\"https:\\\/\\\/www.tagina.it\\\/fr\\\/#organization\"},\"potentialAction\":[{\"@type\":\"SearchAction\",\"target\":{\"@type\":\"EntryPoint\",\"urlTemplate\":\"https:\\\/\\\/www.tagina.it\\\/fr\\\/?s={search_term_string}\"},\"query-input\":{\"@type\":\"PropertyValueSpecification\",\"valueRequired\":true,\"valueName\":\"search_term_string\"}}],\"inLanguage\":\"fr-FR\"},{\"@type\":\"Organization\",\"@id\":\"https:\\\/\\\/www.tagina.it\\\/fr\\\/#organization\",\"name\":\"Tagina\",\"url\":\"https:\\\/\\\/www.tagina.it\\\/fr\\\/\",\"logo\":{\"@type\":\"ImageObject\",\"inLanguage\":\"fr-FR\",\"@id\":\"https:\\\/\\\/www.tagina.it\\\/fr\\\/#\\\/schema\\\/logo\\\/image\\\/\",\"url\":\"https:\\\/\\\/www.tagina.it\\\/tag21\\\/tg21-cont\\\/uploads\\\/2020\\\/12\\\/tagina-logo-h-bianco-oro.svg\",\"contentUrl\":\"https:\\\/\\\/www.tagina.it\\\/tag21\\\/tg21-cont\\\/uploads\\\/2020\\\/12\\\/tagina-logo-h-bianco-oro.svg\",\"width\":100,\"height\":100,\"caption\":\"Tagina\"},\"image\":{\"@id\":\"https:\\\/\\\/www.tagina.it\\\/fr\\\/#\\\/schema\\\/logo\\\/image\\\/\"}}]}<\/script>\n<!-- \/ Yoast SEO plugin. -->","yoast_head_json":{"title":"Marquina - Tagina","description":"Carreaux et dalles en gr\u00e8s c\u00e9rame de grand format \u00e0 effet marbre noir Marquina, avec des veines profondes blanches et gris clair pour les sols et les rev\u00eatements muraux.","robots":{"index":"index","follow":"follow","max-snippet":"max-snippet:-1","max-image-preview":"max-image-preview:large","max-video-preview":"max-video-preview:-1"},"canonical":"https:\/\/www.tagina.it\/fr\/collezioni\/marquina\/","og_locale":"fr_FR","og_type":"article","og_title":"Marquina - Tagina","og_description":"Carreaux et dalles en gr\u00e8s c\u00e9rame de grand format \u00e0 effet marbre noir Marquina, avec des veines profondes blanches et gris clair pour les sols et les rev\u00eatements muraux.","og_url":"https:\/\/www.tagina.it\/fr\/collezioni\/marquina\/","og_site_name":"Tagina","article_modified_time":"2025-03-27T11:30:44+00:00","og_image":[{"width":2560,"height":1810,"url":"https:\/\/www.tagina.it\/tag21\/tg21-cont\/uploads\/2021\/09\/CUCINA-ROCCIA-DEF-V2-scaled.jpg","type":"image\/jpeg"}],"twitter_card":"summary_large_image","twitter_misc":{"Est. reading time":"1 minute"},"schema":{"@context":"https:\/\/schema.org","@graph":[{"@type":"WebPage","@id":"https:\/\/www.tagina.it\/fr\/collezioni\/marquina\/","url":"https:\/\/www.tagina.it\/fr\/collezioni\/marquina\/","name":"Marquina - Tagina","isPartOf":{"@id":"https:\/\/www.tagina.it\/fr\/#website"},"primaryImageOfPage":{"@id":"https:\/\/www.tagina.it\/fr\/collezioni\/marquina\/#primaryimage"},"image":{"@id":"https:\/\/www.tagina.it\/fr\/collezioni\/marquina\/#primaryimage"},"thumbnailUrl":"https:\/\/www.tagina.it\/tag21\/tg21-cont\/uploads\/2021\/09\/CUCINA-ROCCIA-DEF-V2-scaled.jpg","datePublished":"2021-09-25T15:50:37+00:00","dateModified":"2025-03-27T11:30:44+00:00","description":"Carreaux et dalles en gr\u00e8s c\u00e9rame de grand format \u00e0 effet marbre noir Marquina, avec des veines profondes blanches et gris clair pour les sols et les rev\u00eatements muraux.","breadcrumb":{"@id":"https:\/\/www.tagina.it\/fr\/collezioni\/marquina\/#breadcrumb"},"inLanguage":"fr-FR","potentialAction":[{"@type":"ReadAction","target":["https:\/\/www.tagina.it\/fr\/collezioni\/marquina\/"]}]},{"@type":"ImageObject","inLanguage":"fr-FR","@id":"https:\/\/www.tagina.it\/fr\/collezioni\/marquina\/#primaryimage","url":"https:\/\/www.tagina.it\/tag21\/tg21-cont\/uploads\/2021\/09\/CUCINA-ROCCIA-DEF-V2-scaled.jpg","contentUrl":"https:\/\/www.tagina.it\/tag21\/tg21-cont\/uploads\/2021\/09\/CUCINA-ROCCIA-DEF-V2-scaled.jpg","width":2560,"height":1810,"caption":"Cuisine en gr\u00e8s c\u00e9rame effet marbre noir vein\u00e9 de blanc."},{"@type":"BreadcrumbList","@id":"https:\/\/www.tagina.it\/fr\/collezioni\/marquina\/#breadcrumb","itemListElement":[{"@type":"ListItem","position":1,"name":"Home","item":"https:\/\/www.tagina.it\/fr\/"},{"@type":"ListItem","position":2,"name":"Collezioni","item":"https:\/\/www.tagina.it\/fr\/collezioni\/"},{"@type":"ListItem","position":3,"name":"Marquina"}]},{"@type":"WebSite","@id":"https:\/\/www.tagina.it\/fr\/#website","url":"https:\/\/www.tagina.it\/fr\/","name":"Tagina","description":"Storie di stile","publisher":{"@id":"https:\/\/www.tagina.it\/fr\/#organization"},"potentialAction":[{"@type":"SearchAction","target":{"@type":"EntryPoint","urlTemplate":"https:\/\/www.tagina.it\/fr\/?s={search_term_string}"},"query-input":{"@type":"PropertyValueSpecification","valueRequired":true,"valueName":"search_term_string"}}],"inLanguage":"fr-FR"},{"@type":"Organization","@id":"https:\/\/www.tagina.it\/fr\/#organization","name":"Tagina","url":"https:\/\/www.tagina.it\/fr\/","logo":{"@type":"ImageObject","inLanguage":"fr-FR","@id":"https:\/\/www.tagina.it\/fr\/#\/schema\/logo\/image\/","url":"https:\/\/www.tagina.it\/tag21\/tg21-cont\/uploads\/2020\/12\/tagina-logo-h-bianco-oro.svg","contentUrl":"https:\/\/www.tagina.it\/tag21\/tg21-cont\/uploads\/2020\/12\/tagina-logo-h-bianco-oro.svg","width":100,"height":100,"caption":"Tagina"},"image":{"@id":"https:\/\/www.tagina.it\/fr\/#\/schema\/logo\/image\/"}}]}},"_links":{"self":[{"href":"https:\/\/www.tagina.it\/fr\/wp-json\/wp\/v2\/collezioni\/6001","targetHints":{"allow":["GET"]}}],"collection":[{"href":"https:\/\/www.tagina.it\/fr\/wp-json\/wp\/v2\/collezioni"}],"about":[{"href":"https:\/\/www.tagina.it\/fr\/wp-json\/wp\/v2\/types\/collezioni"}],"version-history":[{"count":3,"href":"https:\/\/www.tagina.it\/fr\/wp-json\/wp\/v2\/collezioni\/6001\/revisions"}],"predecessor-version":[{"id":16385,"href":"https:\/\/www.tagina.it\/fr\/wp-json\/wp\/v2\/collezioni\/6001\/revisions\/16385"}],"wp:featuredmedia":[{"embeddable":true,"href":"https:\/\/www.tagina.it\/fr\/wp-json\/wp\/v2\/media\/5967"}],"wp:attachment":[{"href":"https:\/\/www.tagina.it\/fr\/wp-json\/wp\/v2\/media?parent=6001"}],"wp:term":[{"taxonomy":"superfici","embeddable":true,"href":"https:\/\/www.tagina.it\/fr\/wp-json\/wp\/v2\/superfici?post=6001"},{"taxonomy":"spessori","embeddable":true,"href":"https:\/\/www.tagina.it\/fr\/wp-json\/wp\/v2\/spessori?post=6001"},{"taxonomy":"formati","embeddable":true,"href":"https:\/\/www.tagina.it\/fr\/wp-json\/wp\/v2\/formati?post=6001"},{"taxonomy":"look","embeddable":true,"href":"https:\/\/www.tagina.it\/fr\/wp-json\/wp\/v2\/look?post=6001"},{"taxonomy":"decori","embeddable":true,"href":"https:\/\/www.tagina.it\/fr\/wp-json\/wp\/v2\/decori?post=6001"}],"curies":[{"name":"wp","href":"https:\/\/api.w.org\/{rel}","templated":true}]}}

<p>MARQUINA NERO by Tagina se caractérise par la couleur noire intense du fond, interrompue par des marbrures diagonales de couleur grises/blanches. Il s’inspire du marbre naturel dont il prend le nom et se distingue par le degré élevé de gloss de la surface, une brillance et profondeur particulières obtenues à travers l’utilisation pour la production de graviers de dernière génération.</p>

<p>MARQUINA NERO by Tagina se caractérise par la couleur noire intense du fond, interrompue par des marbrures diagonales de couleur grises/blanches. Il s’inspire du marbre naturel dont il prend le nom et se distingue par le degré élevé de gloss de la surface, une brillance et profondeur particulières obtenues à travers l’utilisation pour la production [&hellip;]</p>

<!-- This site is optimized with the Yoast SEO plugin v27.4 - https://yoast.com/product/yoast-seo-wordpress/ -->
<title>Marquina - Tagina</title>
<meta name="description" content="Carreaux et dalles en grès cérame de grand format à effet marbre noir Marquina, avec des veines profondes blanches et gris clair pour les sols et les revêtements muraux." />
<meta name="robots" content="index, follow, max-snippet:-1, max-image-preview:large, max-video-preview:-1" />
<link rel="canonical" href="https://www.tagina.it/fr/collezioni/marquina/" />
<meta property="og:locale" content="fr_FR" />
<meta property="og:type" content="article" />
<meta property="og:title" content="Marquina - Tagina" />
<meta property="og:description" content="Carreaux et dalles en grès cérame de grand format à effet marbre noir Marquina, avec des veines profondes blanches et gris clair pour les sols et les revêtements muraux." />
<meta property="og:url" content="https://www.tagina.it/fr/collezioni/marquina/" />
<meta property="og:site_name" content="Tagina" />
<meta property="article:modified_time" content="2025-03-27T11:30:44+00:00" />
<meta property="og:image" content="https://www.tagina.it/tag21/tg21-cont/uploads/2021/09/CUCINA-ROCCIA-DEF-V2-scaled.jpg" />
	<meta property="og:image:width" content="2560" />
	<meta property="og:image:height" content="1810" />
	<meta property="og:image:type" content="image/jpeg" />
<meta name="twitter:card" content="summary_large_image" />
<meta name="twitter:label1" content="Est. reading time" />
	<meta name="twitter:data1" content="1 minute" />
<script type="application/ld+json" class="yoast-schema-graph">{"@context":"https:\/\/schema.org","@graph":[{"@type":"WebPage","@id":"https:\/\/www.tagina.it\/fr\/collezioni\/marquina\/","url":"https:\/\/www.tagina.it\/fr\/collezioni\/marquina\/","name":"Marquina - Tagina","isPartOf":{"@id":"https:\/\/www.tagina.it\/fr\/#website"},"primaryImageOfPage":{"@id":"https:\/\/www.tagina.it\/fr\/collezioni\/marquina\/#primaryimage"},"image":{"@id":"https:\/\/www.tagina.it\/fr\/collezioni\/marquina\/#primaryimage"},"thumbnailUrl":"https:\/\/www.tagina.it\/tag21\/tg21-cont\/uploads\/2021\/09\/CUCINA-ROCCIA-DEF-V2-scaled.jpg","datePublished":"2021-09-25T15:50:37+00:00","dateModified":"2025-03-27T11:30:44+00:00","description":"Carreaux et dalles en grès cérame de grand format à effet marbre noir Marquina, avec des veines profondes blanches et gris clair pour les sols et les revêtements muraux.","breadcrumb":{"@id":"https:\/\/www.tagina.it\/fr\/collezioni\/marquina\/#breadcrumb"},"inLanguage":"fr-FR","potentialAction":[{"@type":"ReadAction","target":["https:\/\/www.tagina.it\/fr\/collezioni\/marquina\/"]}]},{"@type":"ImageObject","inLanguage":"fr-FR","@id":"https:\/\/www.tagina.it\/fr\/collezioni\/marquina\/#primaryimage","url":"https:\/\/www.tagina.it\/tag21\/tg21-cont\/uploads\/2021\/09\/CUCINA-ROCCIA-DEF-V2-scaled.jpg","contentUrl":"https:\/\/www.tagina.it\/tag21\/tg21-cont\/uploads\/2021\/09\/CUCINA-ROCCIA-DEF-V2-scaled.jpg","width":2560,"height":1810,"caption":"Cuisine en grès cérame effet marbre noir veiné de blanc."},{"@type":"BreadcrumbList","@id":"https:\/\/www.tagina.it\/fr\/collezioni\/marquina\/#breadcrumb","itemListElement":[{"@type":"ListItem","position":1,"name":"Home","item":"https:\/\/www.tagina.it\/fr\/"},{"@type":"ListItem","position":2,"name":"Collezioni","item":"https:\/\/www.tagina.it\/fr\/collezioni\/"},{"@type":"ListItem","position":3,"name":"Marquina"}]},{"@type":"WebSite","@id":"https:\/\/www.tagina.it\/fr\/#website","url":"https:\/\/www.tagina.it\/fr\/","name":"Tagina","description":"Storie di stile","publisher":{"@id":"https:\/\/www.tagina.it\/fr\/#organization"},"potentialAction":[{"@type":"SearchAction","target":{"@type":"EntryPoint","urlTemplate":"https:\/\/www.tagina.it\/fr\/?s={search_term_string}"},"query-input":{"@type":"PropertyValueSpecification","valueRequired":true,"valueName":"search_term_string"}}],"inLanguage":"fr-FR"},{"@type":"Organization","@id":"https:\/\/www.tagina.it\/fr\/#organization","name":"Tagina","url":"https:\/\/www.tagina.it\/fr\/","logo":{"@type":"ImageObject","inLanguage":"fr-FR","@id":"https:\/\/www.tagina.it\/fr\/#\/schema\/logo\/image\/","url":"https:\/\/www.tagina.it\/tag21\/tg21-cont\/uploads\/2020\/12\/tagina-logo-h-bianco-oro.svg","contentUrl":"https:\/\/www.tagina.it\/tag21\/tg21-cont\/uploads\/2020\/12\/tagina-logo-h-bianco-oro.svg","width":100,"height":100,"caption":"Tagina"},"image":{"@id":"https:\/\/www.tagina.it\/fr\/#\/schema\/logo\/image\/"}}]}</script>
<!-- / Yoast SEO plugin. -->

Carreaux et dalles en grès cérame de grand format à effet marbre noir Marquina, avec des veines profondes blanches et gris clair pour les sols et les revêtements muraux.

Cuisine en grès cérame effet marbre noir veiné de blanc.
