{"id":4325,"date":"2021-03-10T14:08:18","date_gmt":"2021-03-10T13:08:18","guid":{"rendered":"https:\/\/www.tagina.it\/collezioni\/evoque\/"},"modified":"2025-03-27T10:13:17","modified_gmt":"2025-03-27T09:13:17","slug":"evoque","status":"publish","type":"collezioni","link":"https:\/\/www.tagina.it\/fr\/collezioni\/evoque\/","title":{"rendered":"Evoque"},"content":{"rendered":"<p>Evoque est inspir\u00e9 du ch\u00eane italien, un bois sobre et \u00e9l\u00e9gant, laiss\u00e9 \u00ab au naturel \u00bb pour \u00e9voquer des sensations de chaleur, de confort et de d\u00e9tente dans les espaces. Une collection qui allie style et technologie, fondamentale pour obtenir un effet de surface velout\u00e9 au toucher mais qui se distingue en m\u00eame temps par le faible degr\u00e9 de r\u00e9flexion de la lumi\u00e8re, typique du bois naturel. La sensation de r\u00e9alisme est amplifi\u00e9e dans les graphismes, gr\u00e2ce \u00e0 l\u2019utilisation de la haute d\u00e9finition pour recr\u00e9er les veines et les noeuds avec des d\u00e9tails extr\u00eamement pr\u00e9cis. 5 tons disponibles, dans les versions pour l\u2019int\u00e9rieur et l\u2019ext\u00e9rieur.<\/p>\n","protected":false},"excerpt":{"rendered":"<p>Evoque est inspir\u00e9 du ch\u00eane italien, un bois sobre et \u00e9l\u00e9gant, laiss\u00e9 \u00ab au naturel \u00bb pour \u00e9voquer des sensations de chaleur, de confort et de d\u00e9tente dans les espaces. Une collection qui allie style et technologie, fondamentale pour obtenir un effet de surface velout\u00e9 au toucher mais qui se distingue en m\u00eame temps par [&hellip;]<\/p>\n","protected":false},"featured_media":4298,"parent":0,"menu_order":130,"template":"","meta":{"_acf_changed":false,"footnotes":""},"superfici":[130,132],"spessori":[190,20],"formati":[17,16],"look":[129,138],"decori":[],"class_list":["post-4325","collezioni","type-collezioni","status-publish","has-post-thumbnail","hentry","superfici-naturel","superfici-r11-fr","spessori-9-mm","spessori-20-mm","formati-40x120-cm","formati-20x120-cm","look-exterieur","look-wood-fr"],"acf":[],"yoast_head":"<!-- This site is optimized with the Yoast SEO plugin v27.4 - https:\/\/yoast.com\/product\/yoast-seo-wordpress\/ -->\n<title>Evoque - Tagina<\/title>\n<meta name=\"description\" content=\"Collection de carreaux de sol et rev\u00eatement sur les murs en gr\u00e8s c\u00e9rame effet ch\u00eane, avec des veines et des n\u0153uds prononc\u00e9s, pour des environnements de confort, de d\u00e9tente et de chaleur.\" \/>\n<meta name=\"robots\" content=\"index, follow, max-snippet:-1, max-image-preview:large, max-video-preview:-1\" \/>\n<link rel=\"canonical\" href=\"https:\/\/www.tagina.it\/fr\/collezioni\/evoque\/\" \/>\n<meta property=\"og:locale\" content=\"fr_FR\" \/>\n<meta property=\"og:type\" content=\"article\" \/>\n<meta property=\"og:title\" content=\"Evoque - Tagina\" \/>\n<meta property=\"og:description\" content=\"Collection de carreaux de sol et rev\u00eatement sur les murs en gr\u00e8s c\u00e9rame effet ch\u00eane, avec des veines et des n\u0153uds prononc\u00e9s, pour des environnements de confort, de d\u00e9tente et de chaleur.\" \/>\n<meta property=\"og:url\" content=\"https:\/\/www.tagina.it\/fr\/collezioni\/evoque\/\" \/>\n<meta property=\"og:site_name\" content=\"Tagina\" \/>\n<meta property=\"article:modified_time\" content=\"2025-03-27T09:13:17+00:00\" \/>\n<meta property=\"og:image\" content=\"https:\/\/www.tagina.it\/tag21\/tg21-cont\/uploads\/2021\/03\/Tagina-Evoque-Korina-living-p.jpg\" \/>\n\t<meta property=\"og:image:width\" content=\"1600\" \/>\n\t<meta property=\"og:image:height\" content=\"1071\" \/>\n\t<meta property=\"og:image:type\" content=\"image\/jpeg\" \/>\n<meta name=\"twitter:card\" content=\"summary_large_image\" \/>\n<meta name=\"twitter:label1\" content=\"Est. reading time\" \/>\n\t<meta name=\"twitter:data1\" content=\"1 minute\" \/>\n<script type=\"application\/ld+json\" class=\"yoast-schema-graph\">{\"@context\":\"https:\\\/\\\/schema.org\",\"@graph\":[{\"@type\":\"WebPage\",\"@id\":\"https:\\\/\\\/www.tagina.it\\\/fr\\\/collezioni\\\/evoque\\\/\",\"url\":\"https:\\\/\\\/www.tagina.it\\\/fr\\\/collezioni\\\/evoque\\\/\",\"name\":\"Evoque - Tagina\",\"isPartOf\":{\"@id\":\"https:\\\/\\\/www.tagina.it\\\/fr\\\/#website\"},\"primaryImageOfPage\":{\"@id\":\"https:\\\/\\\/www.tagina.it\\\/fr\\\/collezioni\\\/evoque\\\/#primaryimage\"},\"image\":{\"@id\":\"https:\\\/\\\/www.tagina.it\\\/fr\\\/collezioni\\\/evoque\\\/#primaryimage\"},\"thumbnailUrl\":\"https:\\\/\\\/www.tagina.it\\\/tag21\\\/tg21-cont\\\/uploads\\\/2021\\\/03\\\/Tagina-Evoque-Korina-living-p.jpg\",\"datePublished\":\"2021-03-10T13:08:18+00:00\",\"dateModified\":\"2025-03-27T09:13:17+00:00\",\"description\":\"Collection de carreaux de sol et rev\u00eatement sur les murs en gr\u00e8s c\u00e9rame effet ch\u00eane, avec des veines et des n\u0153uds prononc\u00e9s, pour des environnements de confort, de d\u00e9tente et de chaleur.\",\"breadcrumb\":{\"@id\":\"https:\\\/\\\/www.tagina.it\\\/fr\\\/collezioni\\\/evoque\\\/#breadcrumb\"},\"inLanguage\":\"fr-FR\",\"potentialAction\":[{\"@type\":\"ReadAction\",\"target\":[\"https:\\\/\\\/www.tagina.it\\\/fr\\\/collezioni\\\/evoque\\\/\"]}]},{\"@type\":\"ImageObject\",\"inLanguage\":\"fr-FR\",\"@id\":\"https:\\\/\\\/www.tagina.it\\\/fr\\\/collezioni\\\/evoque\\\/#primaryimage\",\"url\":\"https:\\\/\\\/www.tagina.it\\\/tag21\\\/tg21-cont\\\/uploads\\\/2021\\\/03\\\/Tagina-Evoque-Korina-living-p.jpg\",\"contentUrl\":\"https:\\\/\\\/www.tagina.it\\\/tag21\\\/tg21-cont\\\/uploads\\\/2021\\\/03\\\/Tagina-Evoque-Korina-living-p.jpg\",\"width\":1600,\"height\":1071,\"caption\":\"S\u00e9jour avec canap\u00e9 et chemin\u00e9e, mur en pierre apparente et rev\u00eatement de sol en gr\u00e8s c\u00e9rame effet bois.\"},{\"@type\":\"BreadcrumbList\",\"@id\":\"https:\\\/\\\/www.tagina.it\\\/fr\\\/collezioni\\\/evoque\\\/#breadcrumb\",\"itemListElement\":[{\"@type\":\"ListItem\",\"position\":1,\"name\":\"Home\",\"item\":\"https:\\\/\\\/www.tagina.it\\\/fr\\\/\"},{\"@type\":\"ListItem\",\"position\":2,\"name\":\"Collezioni\",\"item\":\"https:\\\/\\\/www.tagina.it\\\/fr\\\/collezioni\\\/\"},{\"@type\":\"ListItem\",\"position\":3,\"name\":\"Evoque\"}]},{\"@type\":\"WebSite\",\"@id\":\"https:\\\/\\\/www.tagina.it\\\/fr\\\/#website\",\"url\":\"https:\\\/\\\/www.tagina.it\\\/fr\\\/\",\"name\":\"Tagina\",\"description\":\"Storie di stile\",\"publisher\":{\"@id\":\"https:\\\/\\\/www.tagina.it\\\/fr\\\/#organization\"},\"potentialAction\":[{\"@type\":\"SearchAction\",\"target\":{\"@type\":\"EntryPoint\",\"urlTemplate\":\"https:\\\/\\\/www.tagina.it\\\/fr\\\/?s={search_term_string}\"},\"query-input\":{\"@type\":\"PropertyValueSpecification\",\"valueRequired\":true,\"valueName\":\"search_term_string\"}}],\"inLanguage\":\"fr-FR\"},{\"@type\":\"Organization\",\"@id\":\"https:\\\/\\\/www.tagina.it\\\/fr\\\/#organization\",\"name\":\"Tagina\",\"url\":\"https:\\\/\\\/www.tagina.it\\\/fr\\\/\",\"logo\":{\"@type\":\"ImageObject\",\"inLanguage\":\"fr-FR\",\"@id\":\"https:\\\/\\\/www.tagina.it\\\/fr\\\/#\\\/schema\\\/logo\\\/image\\\/\",\"url\":\"https:\\\/\\\/www.tagina.it\\\/tag21\\\/tg21-cont\\\/uploads\\\/2020\\\/12\\\/tagina-logo-h-bianco-oro.svg\",\"contentUrl\":\"https:\\\/\\\/www.tagina.it\\\/tag21\\\/tg21-cont\\\/uploads\\\/2020\\\/12\\\/tagina-logo-h-bianco-oro.svg\",\"width\":100,\"height\":100,\"caption\":\"Tagina\"},\"image\":{\"@id\":\"https:\\\/\\\/www.tagina.it\\\/fr\\\/#\\\/schema\\\/logo\\\/image\\\/\"}}]}<\/script>\n<!-- \/ Yoast SEO plugin. -->","yoast_head_json":{"title":"Evoque - Tagina","description":"Collection de carreaux de sol et rev\u00eatement sur les murs en gr\u00e8s c\u00e9rame effet ch\u00eane, avec des veines et des n\u0153uds prononc\u00e9s, pour des environnements de confort, de d\u00e9tente et de chaleur.","robots":{"index":"index","follow":"follow","max-snippet":"max-snippet:-1","max-image-preview":"max-image-preview:large","max-video-preview":"max-video-preview:-1"},"canonical":"https:\/\/www.tagina.it\/fr\/collezioni\/evoque\/","og_locale":"fr_FR","og_type":"article","og_title":"Evoque - Tagina","og_description":"Collection de carreaux de sol et rev\u00eatement sur les murs en gr\u00e8s c\u00e9rame effet ch\u00eane, avec des veines et des n\u0153uds prononc\u00e9s, pour des environnements de confort, de d\u00e9tente et de chaleur.","og_url":"https:\/\/www.tagina.it\/fr\/collezioni\/evoque\/","og_site_name":"Tagina","article_modified_time":"2025-03-27T09:13:17+00:00","og_image":[{"width":1600,"height":1071,"url":"https:\/\/www.tagina.it\/tag21\/tg21-cont\/uploads\/2021\/03\/Tagina-Evoque-Korina-living-p.jpg","type":"image\/jpeg"}],"twitter_card":"summary_large_image","twitter_misc":{"Est. reading time":"1 minute"},"schema":{"@context":"https:\/\/schema.org","@graph":[{"@type":"WebPage","@id":"https:\/\/www.tagina.it\/fr\/collezioni\/evoque\/","url":"https:\/\/www.tagina.it\/fr\/collezioni\/evoque\/","name":"Evoque - Tagina","isPartOf":{"@id":"https:\/\/www.tagina.it\/fr\/#website"},"primaryImageOfPage":{"@id":"https:\/\/www.tagina.it\/fr\/collezioni\/evoque\/#primaryimage"},"image":{"@id":"https:\/\/www.tagina.it\/fr\/collezioni\/evoque\/#primaryimage"},"thumbnailUrl":"https:\/\/www.tagina.it\/tag21\/tg21-cont\/uploads\/2021\/03\/Tagina-Evoque-Korina-living-p.jpg","datePublished":"2021-03-10T13:08:18+00:00","dateModified":"2025-03-27T09:13:17+00:00","description":"Collection de carreaux de sol et rev\u00eatement sur les murs en gr\u00e8s c\u00e9rame effet ch\u00eane, avec des veines et des n\u0153uds prononc\u00e9s, pour des environnements de confort, de d\u00e9tente et de chaleur.","breadcrumb":{"@id":"https:\/\/www.tagina.it\/fr\/collezioni\/evoque\/#breadcrumb"},"inLanguage":"fr-FR","potentialAction":[{"@type":"ReadAction","target":["https:\/\/www.tagina.it\/fr\/collezioni\/evoque\/"]}]},{"@type":"ImageObject","inLanguage":"fr-FR","@id":"https:\/\/www.tagina.it\/fr\/collezioni\/evoque\/#primaryimage","url":"https:\/\/www.tagina.it\/tag21\/tg21-cont\/uploads\/2021\/03\/Tagina-Evoque-Korina-living-p.jpg","contentUrl":"https:\/\/www.tagina.it\/tag21\/tg21-cont\/uploads\/2021\/03\/Tagina-Evoque-Korina-living-p.jpg","width":1600,"height":1071,"caption":"S\u00e9jour avec canap\u00e9 et chemin\u00e9e, mur en pierre apparente et rev\u00eatement de sol en gr\u00e8s c\u00e9rame effet bois."},{"@type":"BreadcrumbList","@id":"https:\/\/www.tagina.it\/fr\/collezioni\/evoque\/#breadcrumb","itemListElement":[{"@type":"ListItem","position":1,"name":"Home","item":"https:\/\/www.tagina.it\/fr\/"},{"@type":"ListItem","position":2,"name":"Collezioni","item":"https:\/\/www.tagina.it\/fr\/collezioni\/"},{"@type":"ListItem","position":3,"name":"Evoque"}]},{"@type":"WebSite","@id":"https:\/\/www.tagina.it\/fr\/#website","url":"https:\/\/www.tagina.it\/fr\/","name":"Tagina","description":"Storie di stile","publisher":{"@id":"https:\/\/www.tagina.it\/fr\/#organization"},"potentialAction":[{"@type":"SearchAction","target":{"@type":"EntryPoint","urlTemplate":"https:\/\/www.tagina.it\/fr\/?s={search_term_string}"},"query-input":{"@type":"PropertyValueSpecification","valueRequired":true,"valueName":"search_term_string"}}],"inLanguage":"fr-FR"},{"@type":"Organization","@id":"https:\/\/www.tagina.it\/fr\/#organization","name":"Tagina","url":"https:\/\/www.tagina.it\/fr\/","logo":{"@type":"ImageObject","inLanguage":"fr-FR","@id":"https:\/\/www.tagina.it\/fr\/#\/schema\/logo\/image\/","url":"https:\/\/www.tagina.it\/tag21\/tg21-cont\/uploads\/2020\/12\/tagina-logo-h-bianco-oro.svg","contentUrl":"https:\/\/www.tagina.it\/tag21\/tg21-cont\/uploads\/2020\/12\/tagina-logo-h-bianco-oro.svg","width":100,"height":100,"caption":"Tagina"},"image":{"@id":"https:\/\/www.tagina.it\/fr\/#\/schema\/logo\/image\/"}}]}},"_links":{"self":[{"href":"https:\/\/www.tagina.it\/fr\/wp-json\/wp\/v2\/collezioni\/4325","targetHints":{"allow":["GET"]}}],"collection":[{"href":"https:\/\/www.tagina.it\/fr\/wp-json\/wp\/v2\/collezioni"}],"about":[{"href":"https:\/\/www.tagina.it\/fr\/wp-json\/wp\/v2\/types\/collezioni"}],"version-history":[{"count":4,"href":"https:\/\/www.tagina.it\/fr\/wp-json\/wp\/v2\/collezioni\/4325\/revisions"}],"predecessor-version":[{"id":16371,"href":"https:\/\/www.tagina.it\/fr\/wp-json\/wp\/v2\/collezioni\/4325\/revisions\/16371"}],"wp:featuredmedia":[{"embeddable":true,"href":"https:\/\/www.tagina.it\/fr\/wp-json\/wp\/v2\/media\/4298"}],"wp:attachment":[{"href":"https:\/\/www.tagina.it\/fr\/wp-json\/wp\/v2\/media?parent=4325"}],"wp:term":[{"taxonomy":"superfici","embeddable":true,"href":"https:\/\/www.tagina.it\/fr\/wp-json\/wp\/v2\/superfici?post=4325"},{"taxonomy":"spessori","embeddable":true,"href":"https:\/\/www.tagina.it\/fr\/wp-json\/wp\/v2\/spessori?post=4325"},{"taxonomy":"formati","embeddable":true,"href":"https:\/\/www.tagina.it\/fr\/wp-json\/wp\/v2\/formati?post=4325"},{"taxonomy":"look","embeddable":true,"href":"https:\/\/www.tagina.it\/fr\/wp-json\/wp\/v2\/look?post=4325"},{"taxonomy":"decori","embeddable":true,"href":"https:\/\/www.tagina.it\/fr\/wp-json\/wp\/v2\/decori?post=4325"}],"curies":[{"name":"wp","href":"https:\/\/api.w.org\/{rel}","templated":true}]}}

<p>Evoque est inspiré du chêne italien, un bois sobre et élégant, laissé « au naturel » pour évoquer des sensations de chaleur, de confort et de détente dans les espaces. Une collection qui allie style et technologie, fondamentale pour obtenir un effet de surface velouté au toucher mais qui se distingue en même temps par le faible degré de réflexion de la lumière, typique du bois naturel. La sensation de réalisme est amplifiée dans les graphismes, grâce à l’utilisation de la haute définition pour recréer les veines et les noeuds avec des détails extrêmement précis. 5 tons disponibles, dans les versions pour l’intérieur et l’extérieur.</p>

<p>Evoque est inspiré du chêne italien, un bois sobre et élégant, laissé « au naturel » pour évoquer des sensations de chaleur, de confort et de détente dans les espaces. Une collection qui allie style et technologie, fondamentale pour obtenir un effet de surface velouté au toucher mais qui se distingue en même temps par [&hellip;]</p>

<!-- This site is optimized with the Yoast SEO plugin v27.4 - https://yoast.com/product/yoast-seo-wordpress/ -->
<title>Evoque - Tagina</title>
<meta name="description" content="Collection de carreaux de sol et revêtement sur les murs en grès cérame effet chêne, avec des veines et des nœuds prononcés, pour des environnements de confort, de détente et de chaleur." />
<meta name="robots" content="index, follow, max-snippet:-1, max-image-preview:large, max-video-preview:-1" />
<link rel="canonical" href="https://www.tagina.it/fr/collezioni/evoque/" />
<meta property="og:locale" content="fr_FR" />
<meta property="og:type" content="article" />
<meta property="og:title" content="Evoque - Tagina" />
<meta property="og:description" content="Collection de carreaux de sol et revêtement sur les murs en grès cérame effet chêne, avec des veines et des nœuds prononcés, pour des environnements de confort, de détente et de chaleur." />
<meta property="og:url" content="https://www.tagina.it/fr/collezioni/evoque/" />
<meta property="og:site_name" content="Tagina" />
<meta property="article:modified_time" content="2025-03-27T09:13:17+00:00" />
<meta property="og:image" content="https://www.tagina.it/tag21/tg21-cont/uploads/2021/03/Tagina-Evoque-Korina-living-p.jpg" />
	<meta property="og:image:width" content="1600" />
	<meta property="og:image:height" content="1071" />
	<meta property="og:image:type" content="image/jpeg" />
<meta name="twitter:card" content="summary_large_image" />
<meta name="twitter:label1" content="Est. reading time" />
	<meta name="twitter:data1" content="1 minute" />
<script type="application/ld+json" class="yoast-schema-graph">{"@context":"https:\/\/schema.org","@graph":[{"@type":"WebPage","@id":"https:\/\/www.tagina.it\/fr\/collezioni\/evoque\/","url":"https:\/\/www.tagina.it\/fr\/collezioni\/evoque\/","name":"Evoque - Tagina","isPartOf":{"@id":"https:\/\/www.tagina.it\/fr\/#website"},"primaryImageOfPage":{"@id":"https:\/\/www.tagina.it\/fr\/collezioni\/evoque\/#primaryimage"},"image":{"@id":"https:\/\/www.tagina.it\/fr\/collezioni\/evoque\/#primaryimage"},"thumbnailUrl":"https:\/\/www.tagina.it\/tag21\/tg21-cont\/uploads\/2021\/03\/Tagina-Evoque-Korina-living-p.jpg","datePublished":"2021-03-10T13:08:18+00:00","dateModified":"2025-03-27T09:13:17+00:00","description":"Collection de carreaux de sol et revêtement sur les murs en grès cérame effet chêne, avec des veines et des nœuds prononcés, pour des environnements de confort, de détente et de chaleur.","breadcrumb":{"@id":"https:\/\/www.tagina.it\/fr\/collezioni\/evoque\/#breadcrumb"},"inLanguage":"fr-FR","potentialAction":[{"@type":"ReadAction","target":["https:\/\/www.tagina.it\/fr\/collezioni\/evoque\/"]}]},{"@type":"ImageObject","inLanguage":"fr-FR","@id":"https:\/\/www.tagina.it\/fr\/collezioni\/evoque\/#primaryimage","url":"https:\/\/www.tagina.it\/tag21\/tg21-cont\/uploads\/2021\/03\/Tagina-Evoque-Korina-living-p.jpg","contentUrl":"https:\/\/www.tagina.it\/tag21\/tg21-cont\/uploads\/2021\/03\/Tagina-Evoque-Korina-living-p.jpg","width":1600,"height":1071,"caption":"Séjour avec canapé et cheminée, mur en pierre apparente et revêtement de sol en grès cérame effet bois."},{"@type":"BreadcrumbList","@id":"https:\/\/www.tagina.it\/fr\/collezioni\/evoque\/#breadcrumb","itemListElement":[{"@type":"ListItem","position":1,"name":"Home","item":"https:\/\/www.tagina.it\/fr\/"},{"@type":"ListItem","position":2,"name":"Collezioni","item":"https:\/\/www.tagina.it\/fr\/collezioni\/"},{"@type":"ListItem","position":3,"name":"Evoque"}]},{"@type":"WebSite","@id":"https:\/\/www.tagina.it\/fr\/#website","url":"https:\/\/www.tagina.it\/fr\/","name":"Tagina","description":"Storie di stile","publisher":{"@id":"https:\/\/www.tagina.it\/fr\/#organization"},"potentialAction":[{"@type":"SearchAction","target":{"@type":"EntryPoint","urlTemplate":"https:\/\/www.tagina.it\/fr\/?s={search_term_string}"},"query-input":{"@type":"PropertyValueSpecification","valueRequired":true,"valueName":"search_term_string"}}],"inLanguage":"fr-FR"},{"@type":"Organization","@id":"https:\/\/www.tagina.it\/fr\/#organization","name":"Tagina","url":"https:\/\/www.tagina.it\/fr\/","logo":{"@type":"ImageObject","inLanguage":"fr-FR","@id":"https:\/\/www.tagina.it\/fr\/#\/schema\/logo\/image\/","url":"https:\/\/www.tagina.it\/tag21\/tg21-cont\/uploads\/2020\/12\/tagina-logo-h-bianco-oro.svg","contentUrl":"https:\/\/www.tagina.it\/tag21\/tg21-cont\/uploads\/2020\/12\/tagina-logo-h-bianco-oro.svg","width":100,"height":100,"caption":"Tagina"},"image":{"@id":"https:\/\/www.tagina.it\/fr\/#\/schema\/logo\/image\/"}}]}</script>
<!-- / Yoast SEO plugin. -->

Collection de carreaux de sol et revêtement sur les murs en grès cérame effet chêne, avec des veines et des nœuds prononcés, pour des environnements de confort, de détente et de chaleur.

Séjour avec canapé et cheminée, mur en pierre apparente et revêtement de sol en grès cérame effet bois.
