{"id":10594,"date":"2022-11-09T16:59:09","date_gmt":"2022-11-09T15:59:09","guid":{"rendered":"https:\/\/www.tagina.it\/referenze\/privatwohnung\/"},"modified":"2025-11-27T12:20:26","modified_gmt":"2025-11-27T11:20:26","slug":"privatwohnung","status":"publish","type":"referenze","link":"https:\/\/www.tagina.it\/de\/referenze\/privatwohnung\/","title":{"rendered":"Lilac"},"content":{"rendered":"<p>Tagina wurde von der Innenarchitektin Vittoria Ostini pers\u00f6nlich f\u00fcr die Renovierung ihres Hauses in Lurago Marinone (CO) ausgew\u00e4hlt.<\/p>\n<p>F\u00fcr ihr Projekt hat sich die Designerin f\u00fcr Lilac entschieden, die Kollektion mit Marmoreffekt voller Pers\u00f6nlichkeit und Dynamik, die in polierter Ausf\u00fchrung und im Format 60&#215;120 in 10 mm St\u00e4rke verwendet wurde.<\/p>\n<p>Ein besonderes Highlight ist das Treppenhaus, das nicht nur das Erdgeschoss mit der Galerie verbindet, sondern auch die Visitenkarte des Hauses ist. Ein echter Protagonist des Hauses dank der Verwendung der speziellen dreieckigen Eckabdeckung, die den Lilac-Adern einen kontinuierlichen Verlauf \u00fcber die gesamte Treppe, von der ersten bis zur letzten Stufe, erm\u00f6glicht.<\/p>\n","protected":false},"featured_media":10414,"parent":0,"template":"","tipologie":[143],"class_list":["post-10594","referenze","type-referenze","status-publish","has-post-thumbnail","hentry","tipologie-ausgefuhrten-objekte"],"acf":[],"yoast_head":"<!-- This site is optimized with the Yoast SEO plugin v27.4 - https:\/\/yoast.com\/product\/yoast-seo-wordpress\/ -->\n<title>Lilac - Tagina<\/title>\n<meta name=\"robots\" content=\"index, follow, max-snippet:-1, max-image-preview:large, max-video-preview:-1\" \/>\n<link rel=\"canonical\" href=\"https:\/\/www.tagina.it\/de\/referenze\/privatwohnung\/\" \/>\n<meta property=\"og:locale\" content=\"de_DE\" \/>\n<meta property=\"og:type\" content=\"article\" \/>\n<meta property=\"og:title\" content=\"Lilac - Tagina\" \/>\n<meta property=\"og:description\" content=\"Tagina wurde von der Innenarchitektin Vittoria Ostini pers\u00f6nlich f\u00fcr die Renovierung ihres Hauses in Lurago Marinone (CO) ausgew\u00e4hlt. F\u00fcr ihr Projekt hat sich die Designerin f\u00fcr Lilac entschieden, die Kollektion mit Marmoreffekt voller Pers\u00f6nlichkeit und Dynamik, die in polierter Ausf\u00fchrung und im Format 60&#215;120 in 10 mm St\u00e4rke verwendet wurde. Ein besonderes Highlight ist das [&hellip;]\" \/>\n<meta property=\"og:url\" content=\"https:\/\/www.tagina.it\/de\/referenze\/privatwohnung\/\" \/>\n<meta property=\"og:site_name\" content=\"Tagina\" \/>\n<meta property=\"article:modified_time\" content=\"2025-11-27T11:20:26+00:00\" \/>\n<meta property=\"og:image\" content=\"https:\/\/www.tagina.it\/tag21\/tg21-cont\/uploads\/2022\/10\/Copertina.jpg\" \/>\n\t<meta property=\"og:image:width\" content=\"1600\" \/>\n\t<meta property=\"og:image:height\" content=\"1460\" \/>\n\t<meta property=\"og:image:type\" content=\"image\/jpeg\" \/>\n<meta name=\"twitter:card\" content=\"summary_large_image\" \/>\n<meta name=\"twitter:label1\" content=\"Est. reading time\" \/>\n\t<meta name=\"twitter:data1\" content=\"1 minute\" \/>\n<script type=\"application\/ld+json\" class=\"yoast-schema-graph\">{\"@context\":\"https:\\\/\\\/schema.org\",\"@graph\":[{\"@type\":\"WebPage\",\"@id\":\"https:\\\/\\\/www.tagina.it\\\/de\\\/referenze\\\/privatwohnung\\\/\",\"url\":\"https:\\\/\\\/www.tagina.it\\\/de\\\/referenze\\\/privatwohnung\\\/\",\"name\":\"Lilac - Tagina\",\"isPartOf\":{\"@id\":\"https:\\\/\\\/www.tagina.it\\\/de\\\/#website\"},\"primaryImageOfPage\":{\"@id\":\"https:\\\/\\\/www.tagina.it\\\/de\\\/referenze\\\/privatwohnung\\\/#primaryimage\"},\"image\":{\"@id\":\"https:\\\/\\\/www.tagina.it\\\/de\\\/referenze\\\/privatwohnung\\\/#primaryimage\"},\"thumbnailUrl\":\"https:\\\/\\\/www.tagina.it\\\/tag21\\\/tg21-cont\\\/uploads\\\/2022\\\/10\\\/Copertina.jpg\",\"datePublished\":\"2022-11-09T15:59:09+00:00\",\"dateModified\":\"2025-11-27T11:20:26+00:00\",\"breadcrumb\":{\"@id\":\"https:\\\/\\\/www.tagina.it\\\/de\\\/referenze\\\/privatwohnung\\\/#breadcrumb\"},\"inLanguage\":\"de-DE\",\"potentialAction\":[{\"@type\":\"ReadAction\",\"target\":[\"https:\\\/\\\/www.tagina.it\\\/de\\\/referenze\\\/privatwohnung\\\/\"]}]},{\"@type\":\"ImageObject\",\"inLanguage\":\"de-DE\",\"@id\":\"https:\\\/\\\/www.tagina.it\\\/de\\\/referenze\\\/privatwohnung\\\/#primaryimage\",\"url\":\"https:\\\/\\\/www.tagina.it\\\/tag21\\\/tg21-cont\\\/uploads\\\/2022\\\/10\\\/Copertina.jpg\",\"contentUrl\":\"https:\\\/\\\/www.tagina.it\\\/tag21\\\/tg21-cont\\\/uploads\\\/2022\\\/10\\\/Copertina.jpg\",\"width\":1600,\"height\":1460,\"caption\":\"lilac-60x120-10mm-lucido\"},{\"@type\":\"BreadcrumbList\",\"@id\":\"https:\\\/\\\/www.tagina.it\\\/de\\\/referenze\\\/privatwohnung\\\/#breadcrumb\",\"itemListElement\":[{\"@type\":\"ListItem\",\"position\":1,\"name\":\"Home\",\"item\":\"https:\\\/\\\/www.tagina.it\\\/de\\\/\"},{\"@type\":\"ListItem\",\"position\":2,\"name\":\"Referenze\",\"item\":\"https:\\\/\\\/www.tagina.it\\\/de\\\/referenze\\\/\"},{\"@type\":\"ListItem\",\"position\":3,\"name\":\"Ausgef\u00fchrten Objekte\",\"item\":\"https:\\\/\\\/www.tagina.it\\\/de\\\/tipologie\\\/ausgefuhrten-objekte\\\/\"},{\"@type\":\"ListItem\",\"position\":4,\"name\":\"Lilac\"}]},{\"@type\":\"WebSite\",\"@id\":\"https:\\\/\\\/www.tagina.it\\\/de\\\/#website\",\"url\":\"https:\\\/\\\/www.tagina.it\\\/de\\\/\",\"name\":\"Tagina\",\"description\":\"Storie di stile\",\"publisher\":{\"@id\":\"https:\\\/\\\/www.tagina.it\\\/de\\\/#organization\"},\"potentialAction\":[{\"@type\":\"SearchAction\",\"target\":{\"@type\":\"EntryPoint\",\"urlTemplate\":\"https:\\\/\\\/www.tagina.it\\\/de\\\/?s={search_term_string}\"},\"query-input\":{\"@type\":\"PropertyValueSpecification\",\"valueRequired\":true,\"valueName\":\"search_term_string\"}}],\"inLanguage\":\"de-DE\"},{\"@type\":\"Organization\",\"@id\":\"https:\\\/\\\/www.tagina.it\\\/de\\\/#organization\",\"name\":\"Tagina\",\"url\":\"https:\\\/\\\/www.tagina.it\\\/de\\\/\",\"logo\":{\"@type\":\"ImageObject\",\"inLanguage\":\"de-DE\",\"@id\":\"https:\\\/\\\/www.tagina.it\\\/de\\\/#\\\/schema\\\/logo\\\/image\\\/\",\"url\":\"https:\\\/\\\/www.tagina.it\\\/tag21\\\/tg21-cont\\\/uploads\\\/2020\\\/12\\\/tagina-logo-h-bianco-oro.svg\",\"contentUrl\":\"https:\\\/\\\/www.tagina.it\\\/tag21\\\/tg21-cont\\\/uploads\\\/2020\\\/12\\\/tagina-logo-h-bianco-oro.svg\",\"width\":100,\"height\":100,\"caption\":\"Tagina\"},\"image\":{\"@id\":\"https:\\\/\\\/www.tagina.it\\\/de\\\/#\\\/schema\\\/logo\\\/image\\\/\"}}]}<\/script>\n<!-- \/ Yoast SEO plugin. -->","yoast_head_json":{"title":"Lilac - Tagina","robots":{"index":"index","follow":"follow","max-snippet":"max-snippet:-1","max-image-preview":"max-image-preview:large","max-video-preview":"max-video-preview:-1"},"canonical":"https:\/\/www.tagina.it\/de\/referenze\/privatwohnung\/","og_locale":"de_DE","og_type":"article","og_title":"Lilac - Tagina","og_description":"Tagina wurde von der Innenarchitektin Vittoria Ostini pers\u00f6nlich f\u00fcr die Renovierung ihres Hauses in Lurago Marinone (CO) ausgew\u00e4hlt. F\u00fcr ihr Projekt hat sich die Designerin f\u00fcr Lilac entschieden, die Kollektion mit Marmoreffekt voller Pers\u00f6nlichkeit und Dynamik, die in polierter Ausf\u00fchrung und im Format 60&#215;120 in 10 mm St\u00e4rke verwendet wurde. Ein besonderes Highlight ist das [&hellip;]","og_url":"https:\/\/www.tagina.it\/de\/referenze\/privatwohnung\/","og_site_name":"Tagina","article_modified_time":"2025-11-27T11:20:26+00:00","og_image":[{"width":1600,"height":1460,"url":"https:\/\/www.tagina.it\/tag21\/tg21-cont\/uploads\/2022\/10\/Copertina.jpg","type":"image\/jpeg"}],"twitter_card":"summary_large_image","twitter_misc":{"Est. reading time":"1 minute"},"schema":{"@context":"https:\/\/schema.org","@graph":[{"@type":"WebPage","@id":"https:\/\/www.tagina.it\/de\/referenze\/privatwohnung\/","url":"https:\/\/www.tagina.it\/de\/referenze\/privatwohnung\/","name":"Lilac - Tagina","isPartOf":{"@id":"https:\/\/www.tagina.it\/de\/#website"},"primaryImageOfPage":{"@id":"https:\/\/www.tagina.it\/de\/referenze\/privatwohnung\/#primaryimage"},"image":{"@id":"https:\/\/www.tagina.it\/de\/referenze\/privatwohnung\/#primaryimage"},"thumbnailUrl":"https:\/\/www.tagina.it\/tag21\/tg21-cont\/uploads\/2022\/10\/Copertina.jpg","datePublished":"2022-11-09T15:59:09+00:00","dateModified":"2025-11-27T11:20:26+00:00","breadcrumb":{"@id":"https:\/\/www.tagina.it\/de\/referenze\/privatwohnung\/#breadcrumb"},"inLanguage":"de-DE","potentialAction":[{"@type":"ReadAction","target":["https:\/\/www.tagina.it\/de\/referenze\/privatwohnung\/"]}]},{"@type":"ImageObject","inLanguage":"de-DE","@id":"https:\/\/www.tagina.it\/de\/referenze\/privatwohnung\/#primaryimage","url":"https:\/\/www.tagina.it\/tag21\/tg21-cont\/uploads\/2022\/10\/Copertina.jpg","contentUrl":"https:\/\/www.tagina.it\/tag21\/tg21-cont\/uploads\/2022\/10\/Copertina.jpg","width":1600,"height":1460,"caption":"lilac-60x120-10mm-lucido"},{"@type":"BreadcrumbList","@id":"https:\/\/www.tagina.it\/de\/referenze\/privatwohnung\/#breadcrumb","itemListElement":[{"@type":"ListItem","position":1,"name":"Home","item":"https:\/\/www.tagina.it\/de\/"},{"@type":"ListItem","position":2,"name":"Referenze","item":"https:\/\/www.tagina.it\/de\/referenze\/"},{"@type":"ListItem","position":3,"name":"Ausgef\u00fchrten Objekte","item":"https:\/\/www.tagina.it\/de\/tipologie\/ausgefuhrten-objekte\/"},{"@type":"ListItem","position":4,"name":"Lilac"}]},{"@type":"WebSite","@id":"https:\/\/www.tagina.it\/de\/#website","url":"https:\/\/www.tagina.it\/de\/","name":"Tagina","description":"Storie di stile","publisher":{"@id":"https:\/\/www.tagina.it\/de\/#organization"},"potentialAction":[{"@type":"SearchAction","target":{"@type":"EntryPoint","urlTemplate":"https:\/\/www.tagina.it\/de\/?s={search_term_string}"},"query-input":{"@type":"PropertyValueSpecification","valueRequired":true,"valueName":"search_term_string"}}],"inLanguage":"de-DE"},{"@type":"Organization","@id":"https:\/\/www.tagina.it\/de\/#organization","name":"Tagina","url":"https:\/\/www.tagina.it\/de\/","logo":{"@type":"ImageObject","inLanguage":"de-DE","@id":"https:\/\/www.tagina.it\/de\/#\/schema\/logo\/image\/","url":"https:\/\/www.tagina.it\/tag21\/tg21-cont\/uploads\/2020\/12\/tagina-logo-h-bianco-oro.svg","contentUrl":"https:\/\/www.tagina.it\/tag21\/tg21-cont\/uploads\/2020\/12\/tagina-logo-h-bianco-oro.svg","width":100,"height":100,"caption":"Tagina"},"image":{"@id":"https:\/\/www.tagina.it\/de\/#\/schema\/logo\/image\/"}}]}},"_links":{"self":[{"href":"https:\/\/www.tagina.it\/de\/wp-json\/wp\/v2\/referenze\/10594","targetHints":{"allow":["GET"]}}],"collection":[{"href":"https:\/\/www.tagina.it\/de\/wp-json\/wp\/v2\/referenze"}],"about":[{"href":"https:\/\/www.tagina.it\/de\/wp-json\/wp\/v2\/types\/referenze"}],"wp:featuredmedia":[{"embeddable":true,"href":"https:\/\/www.tagina.it\/de\/wp-json\/wp\/v2\/media\/10414"}],"wp:attachment":[{"href":"https:\/\/www.tagina.it\/de\/wp-json\/wp\/v2\/media?parent=10594"}],"wp:term":[{"taxonomy":"tipologie","embeddable":true,"href":"https:\/\/www.tagina.it\/de\/wp-json\/wp\/v2\/tipologie?post=10594"}],"curies":[{"name":"wp","href":"https:\/\/api.w.org\/{rel}","templated":true}]}}

<p>Tagina wurde von der Innenarchitektin Vittoria Ostini persönlich für die Renovierung ihres Hauses in Lurago Marinone (CO) ausgewählt.</p>
<p>Für ihr Projekt hat sich die Designerin für Lilac entschieden, die Kollektion mit Marmoreffekt voller Persönlichkeit und Dynamik, die in polierter Ausführung und im Format 60&#215;120 in 10 mm Stärke verwendet wurde.</p>
<p>Ein besonderes Highlight ist das Treppenhaus, das nicht nur das Erdgeschoss mit der Galerie verbindet, sondern auch die Visitenkarte des Hauses ist. Ein echter Protagonist des Hauses dank der Verwendung der speziellen dreieckigen Eckabdeckung, die den Lilac-Adern einen kontinuierlichen Verlauf über die gesamte Treppe, von der ersten bis zur letzten Stufe, ermöglicht.</p>

<!-- This site is optimized with the Yoast SEO plugin v27.4 - https://yoast.com/product/yoast-seo-wordpress/ -->
<title>Lilac - Tagina</title>
<meta name="robots" content="index, follow, max-snippet:-1, max-image-preview:large, max-video-preview:-1" />
<link rel="canonical" href="https://www.tagina.it/de/referenze/privatwohnung/" />
<meta property="og:locale" content="de_DE" />
<meta property="og:type" content="article" />
<meta property="og:title" content="Lilac - Tagina" />
<meta property="og:description" content="Tagina wurde von der Innenarchitektin Vittoria Ostini persönlich für die Renovierung ihres Hauses in Lurago Marinone (CO) ausgewählt. Für ihr Projekt hat sich die Designerin für Lilac entschieden, die Kollektion mit Marmoreffekt voller Persönlichkeit und Dynamik, die in polierter Ausführung und im Format 60&#215;120 in 10 mm Stärke verwendet wurde. Ein besonderes Highlight ist das [&hellip;]" />
<meta property="og:url" content="https://www.tagina.it/de/referenze/privatwohnung/" />
<meta property="og:site_name" content="Tagina" />
<meta property="article:modified_time" content="2025-11-27T11:20:26+00:00" />
<meta property="og:image" content="https://www.tagina.it/tag21/tg21-cont/uploads/2022/10/Copertina.jpg" />
	<meta property="og:image:width" content="1600" />
	<meta property="og:image:height" content="1460" />
	<meta property="og:image:type" content="image/jpeg" />
<meta name="twitter:card" content="summary_large_image" />
<meta name="twitter:label1" content="Est. reading time" />
	<meta name="twitter:data1" content="1 minute" />
<script type="application/ld+json" class="yoast-schema-graph">{"@context":"https:\/\/schema.org","@graph":[{"@type":"WebPage","@id":"https:\/\/www.tagina.it\/de\/referenze\/privatwohnung\/","url":"https:\/\/www.tagina.it\/de\/referenze\/privatwohnung\/","name":"Lilac - Tagina","isPartOf":{"@id":"https:\/\/www.tagina.it\/de\/#website"},"primaryImageOfPage":{"@id":"https:\/\/www.tagina.it\/de\/referenze\/privatwohnung\/#primaryimage"},"image":{"@id":"https:\/\/www.tagina.it\/de\/referenze\/privatwohnung\/#primaryimage"},"thumbnailUrl":"https:\/\/www.tagina.it\/tag21\/tg21-cont\/uploads\/2022\/10\/Copertina.jpg","datePublished":"2022-11-09T15:59:09+00:00","dateModified":"2025-11-27T11:20:26+00:00","breadcrumb":{"@id":"https:\/\/www.tagina.it\/de\/referenze\/privatwohnung\/#breadcrumb"},"inLanguage":"de-DE","potentialAction":[{"@type":"ReadAction","target":["https:\/\/www.tagina.it\/de\/referenze\/privatwohnung\/"]}]},{"@type":"ImageObject","inLanguage":"de-DE","@id":"https:\/\/www.tagina.it\/de\/referenze\/privatwohnung\/#primaryimage","url":"https:\/\/www.tagina.it\/tag21\/tg21-cont\/uploads\/2022\/10\/Copertina.jpg","contentUrl":"https:\/\/www.tagina.it\/tag21\/tg21-cont\/uploads\/2022\/10\/Copertina.jpg","width":1600,"height":1460,"caption":"lilac-60x120-10mm-lucido"},{"@type":"BreadcrumbList","@id":"https:\/\/www.tagina.it\/de\/referenze\/privatwohnung\/#breadcrumb","itemListElement":[{"@type":"ListItem","position":1,"name":"Home","item":"https:\/\/www.tagina.it\/de\/"},{"@type":"ListItem","position":2,"name":"Referenze","item":"https:\/\/www.tagina.it\/de\/referenze\/"},{"@type":"ListItem","position":3,"name":"Ausgeführten Objekte","item":"https:\/\/www.tagina.it\/de\/tipologie\/ausgefuhrten-objekte\/"},{"@type":"ListItem","position":4,"name":"Lilac"}]},{"@type":"WebSite","@id":"https:\/\/www.tagina.it\/de\/#website","url":"https:\/\/www.tagina.it\/de\/","name":"Tagina","description":"Storie di stile","publisher":{"@id":"https:\/\/www.tagina.it\/de\/#organization"},"potentialAction":[{"@type":"SearchAction","target":{"@type":"EntryPoint","urlTemplate":"https:\/\/www.tagina.it\/de\/?s={search_term_string}"},"query-input":{"@type":"PropertyValueSpecification","valueRequired":true,"valueName":"search_term_string"}}],"inLanguage":"de-DE"},{"@type":"Organization","@id":"https:\/\/www.tagina.it\/de\/#organization","name":"Tagina","url":"https:\/\/www.tagina.it\/de\/","logo":{"@type":"ImageObject","inLanguage":"de-DE","@id":"https:\/\/www.tagina.it\/de\/#\/schema\/logo\/image\/","url":"https:\/\/www.tagina.it\/tag21\/tg21-cont\/uploads\/2020\/12\/tagina-logo-h-bianco-oro.svg","contentUrl":"https:\/\/www.tagina.it\/tag21\/tg21-cont\/uploads\/2020\/12\/tagina-logo-h-bianco-oro.svg","width":100,"height":100,"caption":"Tagina"},"image":{"@id":"https:\/\/www.tagina.it\/de\/#\/schema\/logo\/image\/"}}]}</script>
<!-- / Yoast SEO plugin. -->

Tagina wurde von der Innenarchitektin Vittoria Ostini persönlich für die Renovierung ihres Hauses in Lurago Marinone (CO) ausgewählt. Für ihr Projekt hat sich die Designerin für Lilac entschieden, die Kollektion mit Marmoreffekt voller Persönlichkeit und Dynamik, die in polierter Ausführung und im Format 60&#215;120 in 10 mm Stärke verwendet wurde. Ein besonderes Highlight ist das [&hellip;]

Ausgeführten Objekte
