{"id":7112,"date":"2022-02-10T15:57:22","date_gmt":"2022-02-10T14:57:22","guid":{"rendered":"https:\/\/www.tagina.it\/?post_type=collezioni&#038;p=7112"},"modified":"2026-03-05T10:09:06","modified_gmt":"2026-03-05T09:09:06","slug":"segesta","status":"publish","type":"collezioni","link":"https:\/\/www.tagina.it\/de\/collezioni\/segesta\/","title":{"rendered":"Segesta"},"content":{"rendered":"<p>\u2018So bleibst du, unausloschlich in Herz und Geist, eine eigenwillige und liebenswerte Laune von Mutter Natur\u2018. So beschrieb der Dichter Nino Testa die Landschaften Siziliens, der bezaubernden Region, in der der edle weise Marmor gewonnen wird, der SEGESTA inspiriert hat.<\/p>\n<p>Eine Kollektion, die nicht nur diese Emotion aufgreift, sondern auch das Wesen der Insel in ihren drei Farben widerspiegelt: die Sonne in Caramel, das Meer in Blau und die uppige Vegetation in Grun.<\/p>\n<p>Eine aristokratische und moderne Kollektion, elegant und zu 100% Made in Italy.<\/p>\n","protected":false},"excerpt":{"rendered":"<p>\u2018So bleibst du, unausloschlich in Herz und Geist, eine eigenwillige und liebenswerte Laune von Mutter Natur\u2018. So beschrieb der Dichter Nino Testa die Landschaften Siziliens, der bezaubernden Region, in der der edle weise Marmor gewonnen wird, der SEGESTA inspiriert hat. Eine Kollektion, die nicht nur diese Emotion aufgreift, sondern auch das Wesen der Insel in [&hellip;]<\/p>\n","protected":false},"featured_media":7325,"parent":0,"menu_order":25,"template":"","meta":{"_acf_changed":false,"footnotes":""},"superfici":[135,147],"spessori":[99,190],"formati":[98,82,22,24,92,247],"look":[150],"decori":[304],"class_list":["post-7112","collezioni","type-collezioni","status-publish","has-post-thumbnail","hentry","superfici-natur-oberflache","superfici-glossy-shiny","spessori-6-mm","spessori-9-mm","formati-120x280-cm","formati-120x120-cm","formati-60x120-cm","formati-60x60-cm","formati-30x60-cm","formati-7-5x30","look-marble-onyx-de","decori-mosaico-5x5-30x30-cm"],"acf":[],"yoast_head":"<!-- This site is optimized with the Yoast SEO plugin v27.5 - https:\/\/yoast.com\/product\/yoast-seo-wordpress\/ -->\n<title>Segesta- Tagina<\/title>\n<meta name=\"description\" content=\"Feinsteinzeugfliesen und -platten in Marmoroptik Segesta, mit wei\u00dfem Hintergrund und Caramel-, Blau- und Gr\u00fcnadern. F\u00fcr elegante und designorientierte B\u00f6den und W\u00e4nde.\" \/>\n<meta name=\"robots\" content=\"index, follow, max-snippet:-1, max-image-preview:large, max-video-preview:-1\" \/>\n<link rel=\"canonical\" href=\"https:\/\/www.tagina.it\/de\/collezioni\/segesta\/\" \/>\n<meta property=\"og:locale\" content=\"de_DE\" \/>\n<meta property=\"og:type\" content=\"article\" \/>\n<meta property=\"og:title\" content=\"Segesta- Tagina\" \/>\n<meta property=\"og:description\" content=\"Feinsteinzeugfliesen und -platten in Marmoroptik Segesta, mit wei\u00dfem Hintergrund und Caramel-, Blau- und Gr\u00fcnadern. F\u00fcr elegante und designorientierte B\u00f6den und W\u00e4nde.\" \/>\n<meta property=\"og:url\" content=\"https:\/\/www.tagina.it\/de\/collezioni\/segesta\/\" \/>\n<meta property=\"og:site_name\" content=\"Tagina\" \/>\n<meta property=\"article:modified_time\" content=\"2026-03-05T09:09:06+00:00\" \/>\n<meta property=\"og:image\" content=\"https:\/\/www.tagina.it\/tag21\/tg21-cont\/uploads\/2022\/02\/Ambientazione-Segesta-Caramel-Bagno.jpg\" \/>\n\t<meta property=\"og:image:width\" content=\"1600\" \/>\n\t<meta property=\"og:image:height\" content=\"1201\" \/>\n\t<meta property=\"og:image:type\" content=\"image\/jpeg\" \/>\n<meta name=\"twitter:card\" content=\"summary_large_image\" \/>\n<meta name=\"twitter:label1\" content=\"Est. reading time\" \/>\n\t<meta name=\"twitter:data1\" content=\"1 minute\" \/>\n<script type=\"application\/ld+json\" class=\"yoast-schema-graph\">{\"@context\":\"https:\\\/\\\/schema.org\",\"@graph\":[{\"@type\":\"WebPage\",\"@id\":\"https:\\\/\\\/www.tagina.it\\\/de\\\/collezioni\\\/segesta\\\/\",\"url\":\"https:\\\/\\\/www.tagina.it\\\/de\\\/collezioni\\\/segesta\\\/\",\"name\":\"Segesta- Tagina\",\"isPartOf\":{\"@id\":\"https:\\\/\\\/www.tagina.it\\\/de\\\/#website\"},\"primaryImageOfPage\":{\"@id\":\"https:\\\/\\\/www.tagina.it\\\/de\\\/collezioni\\\/segesta\\\/#primaryimage\"},\"image\":{\"@id\":\"https:\\\/\\\/www.tagina.it\\\/de\\\/collezioni\\\/segesta\\\/#primaryimage\"},\"thumbnailUrl\":\"https:\\\/\\\/www.tagina.it\\\/tag21\\\/tg21-cont\\\/uploads\\\/2022\\\/02\\\/Ambientazione-Segesta-Caramel-Bagno.jpg\",\"datePublished\":\"2022-02-10T14:57:22+00:00\",\"dateModified\":\"2026-03-05T09:09:06+00:00\",\"description\":\"Feinsteinzeugfliesen und -platten in Marmoroptik Segesta, mit wei\u00dfem Hintergrund und Caramel-, Blau- und Gr\u00fcnadern. F\u00fcr elegante und designorientierte B\u00f6den und W\u00e4nde.\",\"breadcrumb\":{\"@id\":\"https:\\\/\\\/www.tagina.it\\\/de\\\/collezioni\\\/segesta\\\/#breadcrumb\"},\"inLanguage\":\"de-DE\",\"potentialAction\":[{\"@type\":\"ReadAction\",\"target\":[\"https:\\\/\\\/www.tagina.it\\\/de\\\/collezioni\\\/segesta\\\/\"]}]},{\"@type\":\"ImageObject\",\"inLanguage\":\"de-DE\",\"@id\":\"https:\\\/\\\/www.tagina.it\\\/de\\\/collezioni\\\/segesta\\\/#primaryimage\",\"url\":\"https:\\\/\\\/www.tagina.it\\\/tag21\\\/tg21-cont\\\/uploads\\\/2022\\\/02\\\/Ambientazione-Segesta-Caramel-Bagno.jpg\",\"contentUrl\":\"https:\\\/\\\/www.tagina.it\\\/tag21\\\/tg21-cont\\\/uploads\\\/2022\\\/02\\\/Ambientazione-Segesta-Caramel-Bagno.jpg\",\"width\":1600,\"height\":1201,\"caption\":\"Badezimmer in wei\u00dfer Marmoroptik aus Feinsteinzeug mit Karamell-Maserung\"},{\"@type\":\"BreadcrumbList\",\"@id\":\"https:\\\/\\\/www.tagina.it\\\/de\\\/collezioni\\\/segesta\\\/#breadcrumb\",\"itemListElement\":[{\"@type\":\"ListItem\",\"position\":1,\"name\":\"Home\",\"item\":\"https:\\\/\\\/www.tagina.it\\\/de\\\/\"},{\"@type\":\"ListItem\",\"position\":2,\"name\":\"Collezioni\",\"item\":\"https:\\\/\\\/www.tagina.it\\\/de\\\/collezioni\\\/\"},{\"@type\":\"ListItem\",\"position\":3,\"name\":\"Segesta\"}]},{\"@type\":\"WebSite\",\"@id\":\"https:\\\/\\\/www.tagina.it\\\/de\\\/#website\",\"url\":\"https:\\\/\\\/www.tagina.it\\\/de\\\/\",\"name\":\"Tagina\",\"description\":\"Storie di stile\",\"publisher\":{\"@id\":\"https:\\\/\\\/www.tagina.it\\\/de\\\/#organization\"},\"potentialAction\":[{\"@type\":\"SearchAction\",\"target\":{\"@type\":\"EntryPoint\",\"urlTemplate\":\"https:\\\/\\\/www.tagina.it\\\/de\\\/?s={search_term_string}\"},\"query-input\":{\"@type\":\"PropertyValueSpecification\",\"valueRequired\":true,\"valueName\":\"search_term_string\"}}],\"inLanguage\":\"de-DE\"},{\"@type\":\"Organization\",\"@id\":\"https:\\\/\\\/www.tagina.it\\\/de\\\/#organization\",\"name\":\"Tagina\",\"url\":\"https:\\\/\\\/www.tagina.it\\\/de\\\/\",\"logo\":{\"@type\":\"ImageObject\",\"inLanguage\":\"de-DE\",\"@id\":\"https:\\\/\\\/www.tagina.it\\\/de\\\/#\\\/schema\\\/logo\\\/image\\\/\",\"url\":\"https:\\\/\\\/www.tagina.it\\\/tag21\\\/tg21-cont\\\/uploads\\\/2020\\\/12\\\/tagina-logo-h-bianco-oro.svg\",\"contentUrl\":\"https:\\\/\\\/www.tagina.it\\\/tag21\\\/tg21-cont\\\/uploads\\\/2020\\\/12\\\/tagina-logo-h-bianco-oro.svg\",\"width\":100,\"height\":100,\"caption\":\"Tagina\"},\"image\":{\"@id\":\"https:\\\/\\\/www.tagina.it\\\/de\\\/#\\\/schema\\\/logo\\\/image\\\/\"}}]}<\/script>\n<!-- \/ Yoast SEO plugin. -->","yoast_head_json":{"title":"Segesta- Tagina","description":"Feinsteinzeugfliesen und -platten in Marmoroptik Segesta, mit wei\u00dfem Hintergrund und Caramel-, Blau- und Gr\u00fcnadern. F\u00fcr elegante und designorientierte B\u00f6den und W\u00e4nde.","robots":{"index":"index","follow":"follow","max-snippet":"max-snippet:-1","max-image-preview":"max-image-preview:large","max-video-preview":"max-video-preview:-1"},"canonical":"https:\/\/www.tagina.it\/de\/collezioni\/segesta\/","og_locale":"de_DE","og_type":"article","og_title":"Segesta- Tagina","og_description":"Feinsteinzeugfliesen und -platten in Marmoroptik Segesta, mit wei\u00dfem Hintergrund und Caramel-, Blau- und Gr\u00fcnadern. F\u00fcr elegante und designorientierte B\u00f6den und W\u00e4nde.","og_url":"https:\/\/www.tagina.it\/de\/collezioni\/segesta\/","og_site_name":"Tagina","article_modified_time":"2026-03-05T09:09:06+00:00","og_image":[{"width":1600,"height":1201,"url":"https:\/\/www.tagina.it\/tag21\/tg21-cont\/uploads\/2022\/02\/Ambientazione-Segesta-Caramel-Bagno.jpg","type":"image\/jpeg"}],"twitter_card":"summary_large_image","twitter_misc":{"Est. reading time":"1 minute"},"schema":{"@context":"https:\/\/schema.org","@graph":[{"@type":"WebPage","@id":"https:\/\/www.tagina.it\/de\/collezioni\/segesta\/","url":"https:\/\/www.tagina.it\/de\/collezioni\/segesta\/","name":"Segesta- Tagina","isPartOf":{"@id":"https:\/\/www.tagina.it\/de\/#website"},"primaryImageOfPage":{"@id":"https:\/\/www.tagina.it\/de\/collezioni\/segesta\/#primaryimage"},"image":{"@id":"https:\/\/www.tagina.it\/de\/collezioni\/segesta\/#primaryimage"},"thumbnailUrl":"https:\/\/www.tagina.it\/tag21\/tg21-cont\/uploads\/2022\/02\/Ambientazione-Segesta-Caramel-Bagno.jpg","datePublished":"2022-02-10T14:57:22+00:00","dateModified":"2026-03-05T09:09:06+00:00","description":"Feinsteinzeugfliesen und -platten in Marmoroptik Segesta, mit wei\u00dfem Hintergrund und Caramel-, Blau- und Gr\u00fcnadern. F\u00fcr elegante und designorientierte B\u00f6den und W\u00e4nde.","breadcrumb":{"@id":"https:\/\/www.tagina.it\/de\/collezioni\/segesta\/#breadcrumb"},"inLanguage":"de-DE","potentialAction":[{"@type":"ReadAction","target":["https:\/\/www.tagina.it\/de\/collezioni\/segesta\/"]}]},{"@type":"ImageObject","inLanguage":"de-DE","@id":"https:\/\/www.tagina.it\/de\/collezioni\/segesta\/#primaryimage","url":"https:\/\/www.tagina.it\/tag21\/tg21-cont\/uploads\/2022\/02\/Ambientazione-Segesta-Caramel-Bagno.jpg","contentUrl":"https:\/\/www.tagina.it\/tag21\/tg21-cont\/uploads\/2022\/02\/Ambientazione-Segesta-Caramel-Bagno.jpg","width":1600,"height":1201,"caption":"Badezimmer in wei\u00dfer Marmoroptik aus Feinsteinzeug mit Karamell-Maserung"},{"@type":"BreadcrumbList","@id":"https:\/\/www.tagina.it\/de\/collezioni\/segesta\/#breadcrumb","itemListElement":[{"@type":"ListItem","position":1,"name":"Home","item":"https:\/\/www.tagina.it\/de\/"},{"@type":"ListItem","position":2,"name":"Collezioni","item":"https:\/\/www.tagina.it\/de\/collezioni\/"},{"@type":"ListItem","position":3,"name":"Segesta"}]},{"@type":"WebSite","@id":"https:\/\/www.tagina.it\/de\/#website","url":"https:\/\/www.tagina.it\/de\/","name":"Tagina","description":"Storie di stile","publisher":{"@id":"https:\/\/www.tagina.it\/de\/#organization"},"potentialAction":[{"@type":"SearchAction","target":{"@type":"EntryPoint","urlTemplate":"https:\/\/www.tagina.it\/de\/?s={search_term_string}"},"query-input":{"@type":"PropertyValueSpecification","valueRequired":true,"valueName":"search_term_string"}}],"inLanguage":"de-DE"},{"@type":"Organization","@id":"https:\/\/www.tagina.it\/de\/#organization","name":"Tagina","url":"https:\/\/www.tagina.it\/de\/","logo":{"@type":"ImageObject","inLanguage":"de-DE","@id":"https:\/\/www.tagina.it\/de\/#\/schema\/logo\/image\/","url":"https:\/\/www.tagina.it\/tag21\/tg21-cont\/uploads\/2020\/12\/tagina-logo-h-bianco-oro.svg","contentUrl":"https:\/\/www.tagina.it\/tag21\/tg21-cont\/uploads\/2020\/12\/tagina-logo-h-bianco-oro.svg","width":100,"height":100,"caption":"Tagina"},"image":{"@id":"https:\/\/www.tagina.it\/de\/#\/schema\/logo\/image\/"}}]}},"_links":{"self":[{"href":"https:\/\/www.tagina.it\/de\/wp-json\/wp\/v2\/collezioni\/7112","targetHints":{"allow":["GET"]}}],"collection":[{"href":"https:\/\/www.tagina.it\/de\/wp-json\/wp\/v2\/collezioni"}],"about":[{"href":"https:\/\/www.tagina.it\/de\/wp-json\/wp\/v2\/types\/collezioni"}],"version-history":[{"count":3,"href":"https:\/\/www.tagina.it\/de\/wp-json\/wp\/v2\/collezioni\/7112\/revisions"}],"predecessor-version":[{"id":16399,"href":"https:\/\/www.tagina.it\/de\/wp-json\/wp\/v2\/collezioni\/7112\/revisions\/16399"}],"wp:featuredmedia":[{"embeddable":true,"href":"https:\/\/www.tagina.it\/de\/wp-json\/wp\/v2\/media\/7325"}],"wp:attachment":[{"href":"https:\/\/www.tagina.it\/de\/wp-json\/wp\/v2\/media?parent=7112"}],"wp:term":[{"taxonomy":"superfici","embeddable":true,"href":"https:\/\/www.tagina.it\/de\/wp-json\/wp\/v2\/superfici?post=7112"},{"taxonomy":"spessori","embeddable":true,"href":"https:\/\/www.tagina.it\/de\/wp-json\/wp\/v2\/spessori?post=7112"},{"taxonomy":"formati","embeddable":true,"href":"https:\/\/www.tagina.it\/de\/wp-json\/wp\/v2\/formati?post=7112"},{"taxonomy":"look","embeddable":true,"href":"https:\/\/www.tagina.it\/de\/wp-json\/wp\/v2\/look?post=7112"},{"taxonomy":"decori","embeddable":true,"href":"https:\/\/www.tagina.it\/de\/wp-json\/wp\/v2\/decori?post=7112"}],"curies":[{"name":"wp","href":"https:\/\/api.w.org\/{rel}","templated":true}]}}

<!-- This site is optimized with the Yoast SEO plugin v27.5 - https://yoast.com/product/yoast-seo-wordpress/ -->
<title>Segesta- Tagina</title>
<meta name="description" content="Feinsteinzeugfliesen und -platten in Marmoroptik Segesta, mit weißem Hintergrund und Caramel-, Blau- und Grünadern. Für elegante und designorientierte Böden und Wände." />
<meta name="robots" content="index, follow, max-snippet:-1, max-image-preview:large, max-video-preview:-1" />
<link rel="canonical" href="https://www.tagina.it/de/collezioni/segesta/" />
<meta property="og:locale" content="de_DE" />
<meta property="og:type" content="article" />
<meta property="og:title" content="Segesta- Tagina" />
<meta property="og:description" content="Feinsteinzeugfliesen und -platten in Marmoroptik Segesta, mit weißem Hintergrund und Caramel-, Blau- und Grünadern. Für elegante und designorientierte Böden und Wände." />
<meta property="og:url" content="https://www.tagina.it/de/collezioni/segesta/" />
<meta property="og:site_name" content="Tagina" />
<meta property="article:modified_time" content="2026-03-05T09:09:06+00:00" />
<meta property="og:image" content="https://www.tagina.it/tag21/tg21-cont/uploads/2022/02/Ambientazione-Segesta-Caramel-Bagno.jpg" />
	<meta property="og:image:width" content="1600" />
	<meta property="og:image:height" content="1201" />
	<meta property="og:image:type" content="image/jpeg" />
<meta name="twitter:card" content="summary_large_image" />
<meta name="twitter:label1" content="Est. reading time" />
	<meta name="twitter:data1" content="1 minute" />
<script type="application/ld+json" class="yoast-schema-graph">{"@context":"https:\/\/schema.org","@graph":[{"@type":"WebPage","@id":"https:\/\/www.tagina.it\/de\/collezioni\/segesta\/","url":"https:\/\/www.tagina.it\/de\/collezioni\/segesta\/","name":"Segesta- Tagina","isPartOf":{"@id":"https:\/\/www.tagina.it\/de\/#website"},"primaryImageOfPage":{"@id":"https:\/\/www.tagina.it\/de\/collezioni\/segesta\/#primaryimage"},"image":{"@id":"https:\/\/www.tagina.it\/de\/collezioni\/segesta\/#primaryimage"},"thumbnailUrl":"https:\/\/www.tagina.it\/tag21\/tg21-cont\/uploads\/2022\/02\/Ambientazione-Segesta-Caramel-Bagno.jpg","datePublished":"2022-02-10T14:57:22+00:00","dateModified":"2026-03-05T09:09:06+00:00","description":"Feinsteinzeugfliesen und -platten in Marmoroptik Segesta, mit weißem Hintergrund und Caramel-, Blau- und Grünadern. Für elegante und designorientierte Böden und Wände.","breadcrumb":{"@id":"https:\/\/www.tagina.it\/de\/collezioni\/segesta\/#breadcrumb"},"inLanguage":"de-DE","potentialAction":[{"@type":"ReadAction","target":["https:\/\/www.tagina.it\/de\/collezioni\/segesta\/"]}]},{"@type":"ImageObject","inLanguage":"de-DE","@id":"https:\/\/www.tagina.it\/de\/collezioni\/segesta\/#primaryimage","url":"https:\/\/www.tagina.it\/tag21\/tg21-cont\/uploads\/2022\/02\/Ambientazione-Segesta-Caramel-Bagno.jpg","contentUrl":"https:\/\/www.tagina.it\/tag21\/tg21-cont\/uploads\/2022\/02\/Ambientazione-Segesta-Caramel-Bagno.jpg","width":1600,"height":1201,"caption":"Badezimmer in weißer Marmoroptik aus Feinsteinzeug mit Karamell-Maserung"},{"@type":"BreadcrumbList","@id":"https:\/\/www.tagina.it\/de\/collezioni\/segesta\/#breadcrumb","itemListElement":[{"@type":"ListItem","position":1,"name":"Home","item":"https:\/\/www.tagina.it\/de\/"},{"@type":"ListItem","position":2,"name":"Collezioni","item":"https:\/\/www.tagina.it\/de\/collezioni\/"},{"@type":"ListItem","position":3,"name":"Segesta"}]},{"@type":"WebSite","@id":"https:\/\/www.tagina.it\/de\/#website","url":"https:\/\/www.tagina.it\/de\/","name":"Tagina","description":"Storie di stile","publisher":{"@id":"https:\/\/www.tagina.it\/de\/#organization"},"potentialAction":[{"@type":"SearchAction","target":{"@type":"EntryPoint","urlTemplate":"https:\/\/www.tagina.it\/de\/?s={search_term_string}"},"query-input":{"@type":"PropertyValueSpecification","valueRequired":true,"valueName":"search_term_string"}}],"inLanguage":"de-DE"},{"@type":"Organization","@id":"https:\/\/www.tagina.it\/de\/#organization","name":"Tagina","url":"https:\/\/www.tagina.it\/de\/","logo":{"@type":"ImageObject","inLanguage":"de-DE","@id":"https:\/\/www.tagina.it\/de\/#\/schema\/logo\/image\/","url":"https:\/\/www.tagina.it\/tag21\/tg21-cont\/uploads\/2020\/12\/tagina-logo-h-bianco-oro.svg","contentUrl":"https:\/\/www.tagina.it\/tag21\/tg21-cont\/uploads\/2020\/12\/tagina-logo-h-bianco-oro.svg","width":100,"height":100,"caption":"Tagina"},"image":{"@id":"https:\/\/www.tagina.it\/de\/#\/schema\/logo\/image\/"}}]}</script>
<!-- / Yoast SEO plugin. -->

Feinsteinzeugfliesen und -platten in Marmoroptik Segesta, mit weißem Hintergrund und Caramel-, Blau- und Grünadern. Für elegante und designorientierte Böden und Wände.

Badezimmer in weißer Marmoroptik aus Feinsteinzeug mit Karamell-Maserung
