{"id":4670,"date":"2020-12-17T10:55:53","date_gmt":"2020-12-17T09:55:53","guid":{"rendered":"https:\/\/www.tagina.it\/collezioni\/full-colours\/"},"modified":"2025-03-26T17:49:44","modified_gmt":"2025-03-26T16:49:44","slug":"full-colours","status":"publish","type":"collezioni","link":"https:\/\/www.tagina.it\/de\/collezioni\/full-colours\/","title":{"rendered":"Full Colours"},"content":{"rendered":"<p>Eine Ode an die Wesentlichkeit, eine Kollektion aus Feinsteinzeug, die die zeitlose Eleganz von Schwarz und Wei\u00df feiert. Ein immerw\u00e4hrender Klassiker, eine perfekte Dualit\u00e4t, bei der Licht in einem Spiel harmonischer Kontraste und Oberfl\u00e4chen, sowohl gl\u00e4nzend als auch matt, auf Schatten trifft.<\/p>\n","protected":false},"excerpt":{"rendered":"<p>Eine Ode an die Wesentlichkeit, eine Kollektion aus Feinsteinzeug, die die zeitlose Eleganz von Schwarz und Wei\u00df feiert. Ein immerw\u00e4hrender Klassiker, eine perfekte Dualit\u00e4t, bei der Licht in einem Spiel harmonischer Kontraste und Oberfl\u00e4chen, sowohl gl\u00e4nzend als auch matt, auf Schatten trifft.<\/p>\n","protected":false},"featured_media":1535,"parent":0,"menu_order":120,"template":"","meta":{"_acf_changed":false,"footnotes":""},"superfici":[135,147],"spessori":[99,190],"formati":[98,82,22,187],"look":[145],"decori":[304],"class_list":["post-4670","collezioni","type-collezioni","status-publish","has-post-thumbnail","hentry","superfici-natur-oberflache","superfici-glossy-shiny","spessori-6-mm","spessori-9-mm","formati-120x280-cm","formati-120x120-cm","formati-60x120-cm","formati-80x80-cm","look-concrete-design-de","decori-mosaico-5x5-30x30-cm"],"acf":[],"yoast_head":"<!-- This site is optimized with the Yoast SEO plugin v27.4 - https:\/\/yoast.com\/product\/yoast-seo-wordpress\/ -->\n<title>Full Colours - Tagina<\/title>\n<meta name=\"robots\" content=\"index, follow, max-snippet:-1, max-image-preview:large, max-video-preview:-1\" \/>\n<link rel=\"canonical\" href=\"https:\/\/www.tagina.it\/de\/collezioni\/full-colours\/\" \/>\n<meta property=\"og:locale\" content=\"de_DE\" \/>\n<meta property=\"og:type\" content=\"article\" \/>\n<meta property=\"og:title\" content=\"Full Colours - Tagina\" \/>\n<meta property=\"og:description\" content=\"Eine Ode an die Wesentlichkeit, eine Kollektion aus Feinsteinzeug, die die zeitlose Eleganz von Schwarz und Wei\u00df feiert. Ein immerw\u00e4hrender Klassiker, eine perfekte Dualit\u00e4t, bei der Licht in einem Spiel harmonischer Kontraste und Oberfl\u00e4chen, sowohl gl\u00e4nzend als auch matt, auf Schatten trifft.\" \/>\n<meta property=\"og:url\" content=\"https:\/\/www.tagina.it\/de\/collezioni\/full-colours\/\" \/>\n<meta property=\"og:site_name\" content=\"Tagina\" \/>\n<meta property=\"article:modified_time\" content=\"2025-03-26T16:49:44+00:00\" \/>\n<meta property=\"og:image\" content=\"https:\/\/www.tagina.it\/tag21\/tg21-cont\/uploads\/2020\/12\/tagina-fullcolours-bathroom-scaled.jpg\" \/>\n\t<meta property=\"og:image:width\" content=\"2560\" \/>\n\t<meta property=\"og:image:height\" content=\"1830\" \/>\n\t<meta property=\"og:image:type\" content=\"image\/jpeg\" \/>\n<meta name=\"twitter:card\" content=\"summary_large_image\" \/>\n<meta name=\"twitter:label1\" content=\"Est. reading time\" \/>\n\t<meta name=\"twitter:data1\" content=\"1 minute\" \/>\n<script type=\"application\/ld+json\" class=\"yoast-schema-graph\">{\"@context\":\"https:\\\/\\\/schema.org\",\"@graph\":[{\"@type\":\"WebPage\",\"@id\":\"https:\\\/\\\/www.tagina.it\\\/de\\\/collezioni\\\/full-colours\\\/\",\"url\":\"https:\\\/\\\/www.tagina.it\\\/de\\\/collezioni\\\/full-colours\\\/\",\"name\":\"Full Colours - Tagina\",\"isPartOf\":{\"@id\":\"https:\\\/\\\/www.tagina.it\\\/de\\\/#website\"},\"primaryImageOfPage\":{\"@id\":\"https:\\\/\\\/www.tagina.it\\\/de\\\/collezioni\\\/full-colours\\\/#primaryimage\"},\"image\":{\"@id\":\"https:\\\/\\\/www.tagina.it\\\/de\\\/collezioni\\\/full-colours\\\/#primaryimage\"},\"thumbnailUrl\":\"https:\\\/\\\/www.tagina.it\\\/tag21\\\/tg21-cont\\\/uploads\\\/2020\\\/12\\\/tagina-fullcolours-bathroom-scaled.jpg\",\"datePublished\":\"2020-12-17T09:55:53+00:00\",\"dateModified\":\"2025-03-26T16:49:44+00:00\",\"breadcrumb\":{\"@id\":\"https:\\\/\\\/www.tagina.it\\\/de\\\/collezioni\\\/full-colours\\\/#breadcrumb\"},\"inLanguage\":\"de-DE\",\"potentialAction\":[{\"@type\":\"ReadAction\",\"target\":[\"https:\\\/\\\/www.tagina.it\\\/de\\\/collezioni\\\/full-colours\\\/\"]}]},{\"@type\":\"ImageObject\",\"inLanguage\":\"de-DE\",\"@id\":\"https:\\\/\\\/www.tagina.it\\\/de\\\/collezioni\\\/full-colours\\\/#primaryimage\",\"url\":\"https:\\\/\\\/www.tagina.it\\\/tag21\\\/tg21-cont\\\/uploads\\\/2020\\\/12\\\/tagina-fullcolours-bathroom-scaled.jpg\",\"contentUrl\":\"https:\\\/\\\/www.tagina.it\\\/tag21\\\/tg21-cont\\\/uploads\\\/2020\\\/12\\\/tagina-fullcolours-bathroom-scaled.jpg\",\"width\":2560,\"height\":1830,\"caption\":\"Moon\"},{\"@type\":\"BreadcrumbList\",\"@id\":\"https:\\\/\\\/www.tagina.it\\\/de\\\/collezioni\\\/full-colours\\\/#breadcrumb\",\"itemListElement\":[{\"@type\":\"ListItem\",\"position\":1,\"name\":\"Home\",\"item\":\"https:\\\/\\\/www.tagina.it\\\/de\\\/\"},{\"@type\":\"ListItem\",\"position\":2,\"name\":\"Collezioni\",\"item\":\"https:\\\/\\\/www.tagina.it\\\/de\\\/collezioni\\\/\"},{\"@type\":\"ListItem\",\"position\":3,\"name\":\"Full Colours\"}]},{\"@type\":\"WebSite\",\"@id\":\"https:\\\/\\\/www.tagina.it\\\/de\\\/#website\",\"url\":\"https:\\\/\\\/www.tagina.it\\\/de\\\/\",\"name\":\"Tagina\",\"description\":\"Storie di stile\",\"publisher\":{\"@id\":\"https:\\\/\\\/www.tagina.it\\\/de\\\/#organization\"},\"potentialAction\":[{\"@type\":\"SearchAction\",\"target\":{\"@type\":\"EntryPoint\",\"urlTemplate\":\"https:\\\/\\\/www.tagina.it\\\/de\\\/?s={search_term_string}\"},\"query-input\":{\"@type\":\"PropertyValueSpecification\",\"valueRequired\":true,\"valueName\":\"search_term_string\"}}],\"inLanguage\":\"de-DE\"},{\"@type\":\"Organization\",\"@id\":\"https:\\\/\\\/www.tagina.it\\\/de\\\/#organization\",\"name\":\"Tagina\",\"url\":\"https:\\\/\\\/www.tagina.it\\\/de\\\/\",\"logo\":{\"@type\":\"ImageObject\",\"inLanguage\":\"de-DE\",\"@id\":\"https:\\\/\\\/www.tagina.it\\\/de\\\/#\\\/schema\\\/logo\\\/image\\\/\",\"url\":\"https:\\\/\\\/www.tagina.it\\\/tag21\\\/tg21-cont\\\/uploads\\\/2020\\\/12\\\/tagina-logo-h-bianco-oro.svg\",\"contentUrl\":\"https:\\\/\\\/www.tagina.it\\\/tag21\\\/tg21-cont\\\/uploads\\\/2020\\\/12\\\/tagina-logo-h-bianco-oro.svg\",\"width\":100,\"height\":100,\"caption\":\"Tagina\"},\"image\":{\"@id\":\"https:\\\/\\\/www.tagina.it\\\/de\\\/#\\\/schema\\\/logo\\\/image\\\/\"}}]}<\/script>\n<!-- \/ Yoast SEO plugin. -->","yoast_head_json":{"title":"Full Colours - Tagina","robots":{"index":"index","follow":"follow","max-snippet":"max-snippet:-1","max-image-preview":"max-image-preview:large","max-video-preview":"max-video-preview:-1"},"canonical":"https:\/\/www.tagina.it\/de\/collezioni\/full-colours\/","og_locale":"de_DE","og_type":"article","og_title":"Full Colours - Tagina","og_description":"Eine Ode an die Wesentlichkeit, eine Kollektion aus Feinsteinzeug, die die zeitlose Eleganz von Schwarz und Wei\u00df feiert. Ein immerw\u00e4hrender Klassiker, eine perfekte Dualit\u00e4t, bei der Licht in einem Spiel harmonischer Kontraste und Oberfl\u00e4chen, sowohl gl\u00e4nzend als auch matt, auf Schatten trifft.","og_url":"https:\/\/www.tagina.it\/de\/collezioni\/full-colours\/","og_site_name":"Tagina","article_modified_time":"2025-03-26T16:49:44+00:00","og_image":[{"width":2560,"height":1830,"url":"https:\/\/www.tagina.it\/tag21\/tg21-cont\/uploads\/2020\/12\/tagina-fullcolours-bathroom-scaled.jpg","type":"image\/jpeg"}],"twitter_card":"summary_large_image","twitter_misc":{"Est. reading time":"1 minute"},"schema":{"@context":"https:\/\/schema.org","@graph":[{"@type":"WebPage","@id":"https:\/\/www.tagina.it\/de\/collezioni\/full-colours\/","url":"https:\/\/www.tagina.it\/de\/collezioni\/full-colours\/","name":"Full Colours - Tagina","isPartOf":{"@id":"https:\/\/www.tagina.it\/de\/#website"},"primaryImageOfPage":{"@id":"https:\/\/www.tagina.it\/de\/collezioni\/full-colours\/#primaryimage"},"image":{"@id":"https:\/\/www.tagina.it\/de\/collezioni\/full-colours\/#primaryimage"},"thumbnailUrl":"https:\/\/www.tagina.it\/tag21\/tg21-cont\/uploads\/2020\/12\/tagina-fullcolours-bathroom-scaled.jpg","datePublished":"2020-12-17T09:55:53+00:00","dateModified":"2025-03-26T16:49:44+00:00","breadcrumb":{"@id":"https:\/\/www.tagina.it\/de\/collezioni\/full-colours\/#breadcrumb"},"inLanguage":"de-DE","potentialAction":[{"@type":"ReadAction","target":["https:\/\/www.tagina.it\/de\/collezioni\/full-colours\/"]}]},{"@type":"ImageObject","inLanguage":"de-DE","@id":"https:\/\/www.tagina.it\/de\/collezioni\/full-colours\/#primaryimage","url":"https:\/\/www.tagina.it\/tag21\/tg21-cont\/uploads\/2020\/12\/tagina-fullcolours-bathroom-scaled.jpg","contentUrl":"https:\/\/www.tagina.it\/tag21\/tg21-cont\/uploads\/2020\/12\/tagina-fullcolours-bathroom-scaled.jpg","width":2560,"height":1830,"caption":"Moon"},{"@type":"BreadcrumbList","@id":"https:\/\/www.tagina.it\/de\/collezioni\/full-colours\/#breadcrumb","itemListElement":[{"@type":"ListItem","position":1,"name":"Home","item":"https:\/\/www.tagina.it\/de\/"},{"@type":"ListItem","position":2,"name":"Collezioni","item":"https:\/\/www.tagina.it\/de\/collezioni\/"},{"@type":"ListItem","position":3,"name":"Full Colours"}]},{"@type":"WebSite","@id":"https:\/\/www.tagina.it\/de\/#website","url":"https:\/\/www.tagina.it\/de\/","name":"Tagina","description":"Storie di stile","publisher":{"@id":"https:\/\/www.tagina.it\/de\/#organization"},"potentialAction":[{"@type":"SearchAction","target":{"@type":"EntryPoint","urlTemplate":"https:\/\/www.tagina.it\/de\/?s={search_term_string}"},"query-input":{"@type":"PropertyValueSpecification","valueRequired":true,"valueName":"search_term_string"}}],"inLanguage":"de-DE"},{"@type":"Organization","@id":"https:\/\/www.tagina.it\/de\/#organization","name":"Tagina","url":"https:\/\/www.tagina.it\/de\/","logo":{"@type":"ImageObject","inLanguage":"de-DE","@id":"https:\/\/www.tagina.it\/de\/#\/schema\/logo\/image\/","url":"https:\/\/www.tagina.it\/tag21\/tg21-cont\/uploads\/2020\/12\/tagina-logo-h-bianco-oro.svg","contentUrl":"https:\/\/www.tagina.it\/tag21\/tg21-cont\/uploads\/2020\/12\/tagina-logo-h-bianco-oro.svg","width":100,"height":100,"caption":"Tagina"},"image":{"@id":"https:\/\/www.tagina.it\/de\/#\/schema\/logo\/image\/"}}]}},"_links":{"self":[{"href":"https:\/\/www.tagina.it\/de\/wp-json\/wp\/v2\/collezioni\/4670","targetHints":{"allow":["GET"]}}],"collection":[{"href":"https:\/\/www.tagina.it\/de\/wp-json\/wp\/v2\/collezioni"}],"about":[{"href":"https:\/\/www.tagina.it\/de\/wp-json\/wp\/v2\/types\/collezioni"}],"version-history":[{"count":5,"href":"https:\/\/www.tagina.it\/de\/wp-json\/wp\/v2\/collezioni\/4670\/revisions"}],"predecessor-version":[{"id":16364,"href":"https:\/\/www.tagina.it\/de\/wp-json\/wp\/v2\/collezioni\/4670\/revisions\/16364"}],"wp:featuredmedia":[{"embeddable":true,"href":"https:\/\/www.tagina.it\/de\/wp-json\/wp\/v2\/media\/1535"}],"wp:attachment":[{"href":"https:\/\/www.tagina.it\/de\/wp-json\/wp\/v2\/media?parent=4670"}],"wp:term":[{"taxonomy":"superfici","embeddable":true,"href":"https:\/\/www.tagina.it\/de\/wp-json\/wp\/v2\/superfici?post=4670"},{"taxonomy":"spessori","embeddable":true,"href":"https:\/\/www.tagina.it\/de\/wp-json\/wp\/v2\/spessori?post=4670"},{"taxonomy":"formati","embeddable":true,"href":"https:\/\/www.tagina.it\/de\/wp-json\/wp\/v2\/formati?post=4670"},{"taxonomy":"look","embeddable":true,"href":"https:\/\/www.tagina.it\/de\/wp-json\/wp\/v2\/look?post=4670"},{"taxonomy":"decori","embeddable":true,"href":"https:\/\/www.tagina.it\/de\/wp-json\/wp\/v2\/decori?post=4670"}],"curies":[{"name":"wp","href":"https:\/\/api.w.org\/{rel}","templated":true}]}}

<p>Eine Ode an die Wesentlichkeit, eine Kollektion aus Feinsteinzeug, die die zeitlose Eleganz von Schwarz und Weiß feiert. Ein immerwährender Klassiker, eine perfekte Dualität, bei der Licht in einem Spiel harmonischer Kontraste und Oberflächen, sowohl glänzend als auch matt, auf Schatten trifft.</p>

<!-- This site is optimized with the Yoast SEO plugin v27.4 - https://yoast.com/product/yoast-seo-wordpress/ -->
<title>Full Colours - Tagina</title>
<meta name="robots" content="index, follow, max-snippet:-1, max-image-preview:large, max-video-preview:-1" />
<link rel="canonical" href="https://www.tagina.it/de/collezioni/full-colours/" />
<meta property="og:locale" content="de_DE" />
<meta property="og:type" content="article" />
<meta property="og:title" content="Full Colours - Tagina" />
<meta property="og:description" content="Eine Ode an die Wesentlichkeit, eine Kollektion aus Feinsteinzeug, die die zeitlose Eleganz von Schwarz und Weiß feiert. Ein immerwährender Klassiker, eine perfekte Dualität, bei der Licht in einem Spiel harmonischer Kontraste und Oberflächen, sowohl glänzend als auch matt, auf Schatten trifft." />
<meta property="og:url" content="https://www.tagina.it/de/collezioni/full-colours/" />
<meta property="og:site_name" content="Tagina" />
<meta property="article:modified_time" content="2025-03-26T16:49:44+00:00" />
<meta property="og:image" content="https://www.tagina.it/tag21/tg21-cont/uploads/2020/12/tagina-fullcolours-bathroom-scaled.jpg" />
	<meta property="og:image:width" content="2560" />
	<meta property="og:image:height" content="1830" />
	<meta property="og:image:type" content="image/jpeg" />
<meta name="twitter:card" content="summary_large_image" />
<meta name="twitter:label1" content="Est. reading time" />
	<meta name="twitter:data1" content="1 minute" />
<script type="application/ld+json" class="yoast-schema-graph">{"@context":"https:\/\/schema.org","@graph":[{"@type":"WebPage","@id":"https:\/\/www.tagina.it\/de\/collezioni\/full-colours\/","url":"https:\/\/www.tagina.it\/de\/collezioni\/full-colours\/","name":"Full Colours - Tagina","isPartOf":{"@id":"https:\/\/www.tagina.it\/de\/#website"},"primaryImageOfPage":{"@id":"https:\/\/www.tagina.it\/de\/collezioni\/full-colours\/#primaryimage"},"image":{"@id":"https:\/\/www.tagina.it\/de\/collezioni\/full-colours\/#primaryimage"},"thumbnailUrl":"https:\/\/www.tagina.it\/tag21\/tg21-cont\/uploads\/2020\/12\/tagina-fullcolours-bathroom-scaled.jpg","datePublished":"2020-12-17T09:55:53+00:00","dateModified":"2025-03-26T16:49:44+00:00","breadcrumb":{"@id":"https:\/\/www.tagina.it\/de\/collezioni\/full-colours\/#breadcrumb"},"inLanguage":"de-DE","potentialAction":[{"@type":"ReadAction","target":["https:\/\/www.tagina.it\/de\/collezioni\/full-colours\/"]}]},{"@type":"ImageObject","inLanguage":"de-DE","@id":"https:\/\/www.tagina.it\/de\/collezioni\/full-colours\/#primaryimage","url":"https:\/\/www.tagina.it\/tag21\/tg21-cont\/uploads\/2020\/12\/tagina-fullcolours-bathroom-scaled.jpg","contentUrl":"https:\/\/www.tagina.it\/tag21\/tg21-cont\/uploads\/2020\/12\/tagina-fullcolours-bathroom-scaled.jpg","width":2560,"height":1830,"caption":"Moon"},{"@type":"BreadcrumbList","@id":"https:\/\/www.tagina.it\/de\/collezioni\/full-colours\/#breadcrumb","itemListElement":[{"@type":"ListItem","position":1,"name":"Home","item":"https:\/\/www.tagina.it\/de\/"},{"@type":"ListItem","position":2,"name":"Collezioni","item":"https:\/\/www.tagina.it\/de\/collezioni\/"},{"@type":"ListItem","position":3,"name":"Full Colours"}]},{"@type":"WebSite","@id":"https:\/\/www.tagina.it\/de\/#website","url":"https:\/\/www.tagina.it\/de\/","name":"Tagina","description":"Storie di stile","publisher":{"@id":"https:\/\/www.tagina.it\/de\/#organization"},"potentialAction":[{"@type":"SearchAction","target":{"@type":"EntryPoint","urlTemplate":"https:\/\/www.tagina.it\/de\/?s={search_term_string}"},"query-input":{"@type":"PropertyValueSpecification","valueRequired":true,"valueName":"search_term_string"}}],"inLanguage":"de-DE"},{"@type":"Organization","@id":"https:\/\/www.tagina.it\/de\/#organization","name":"Tagina","url":"https:\/\/www.tagina.it\/de\/","logo":{"@type":"ImageObject","inLanguage":"de-DE","@id":"https:\/\/www.tagina.it\/de\/#\/schema\/logo\/image\/","url":"https:\/\/www.tagina.it\/tag21\/tg21-cont\/uploads\/2020\/12\/tagina-logo-h-bianco-oro.svg","contentUrl":"https:\/\/www.tagina.it\/tag21\/tg21-cont\/uploads\/2020\/12\/tagina-logo-h-bianco-oro.svg","width":100,"height":100,"caption":"Tagina"},"image":{"@id":"https:\/\/www.tagina.it\/de\/#\/schema\/logo\/image\/"}}]}</script>
<!-- / Yoast SEO plugin. -->

Eine Ode an die Wesentlichkeit, eine Kollektion aus Feinsteinzeug, die die zeitlose Eleganz von Schwarz und Weiß feiert. Ein immerwährender Klassiker, eine perfekte Dualität, bei der Licht in einem Spiel harmonischer Kontraste und Oberflächen, sowohl glänzend als auch matt, auf Schatten trifft.
