{"id":4326,"date":"2021-03-10T14:08:18","date_gmt":"2021-03-10T13:08:18","guid":{"rendered":"https:\/\/www.tagina.it\/collezioni\/evoque\/"},"modified":"2025-03-27T10:13:31","modified_gmt":"2025-03-27T09:13:31","slug":"evoque","status":"publish","type":"collezioni","link":"https:\/\/www.tagina.it\/de\/collezioni\/evoque\/","title":{"rendered":"Evoque"},"content":{"rendered":"<p>Evoque ist von einer italienischen Eiche inspiriert, einem schlichten und eleganten Holz, das \u201cnat\u00fcrlich\u201d ist und ein Gef\u00fchl von W\u00e4rme, Komfort und Entspannung in den Zimmern hervorruft. Eine Kollektion, die Stil und Technologie vereint, die zur Erzielung eines samtigen Oberfl\u00e4cheneffektes bei der Ber\u00fchrung unerl\u00e4sslich ist und sich gleichzeitig durch den f\u00fcr Naturholz typischen geringen Grad der Lichtreflexion auszeichnet. Das Gef\u00fchl der Echtheit des Holzes wird in der Grafik durch die Verwendung der hohen Aufl\u00f6sung verst\u00e4rkt, um Aderungen und Astknoten mit \u00e4u\u00dferster Detailgenauigkeit nachzubilden. Erh\u00e4ltlich sind 5 Farbt\u00f6ne, sowohl bei der Version f\u00fcr den Innen- als auch bei der f\u00fcr den Au\u00dfenbereich.<\/p>\n","protected":false},"excerpt":{"rendered":"<p>Evoque ist von einer italienischen Eiche inspiriert, einem schlichten und eleganten Holz, das \u201cnat\u00fcrlich\u201d ist und ein Gef\u00fchl von W\u00e4rme, Komfort und Entspannung in den Zimmern hervorruft. Eine Kollektion, die Stil und Technologie vereint, die zur Erzielung eines samtigen Oberfl\u00e4cheneffektes bei der Ber\u00fchrung unerl\u00e4sslich ist und sich gleichzeitig durch den f\u00fcr Naturholz typischen geringen Grad [&hellip;]<\/p>\n","protected":false},"featured_media":4299,"parent":0,"menu_order":130,"template":"","meta":{"_acf_changed":false,"footnotes":""},"superfici":[135,137],"spessori":[190,20],"formati":[17,16],"look":[134,139],"decori":[],"class_list":["post-4326","collezioni","type-collezioni","status-publish","has-post-thumbnail","hentry","superfici-natur-oberflache","superfici-r11-de","spessori-9-mm","spessori-20-mm","formati-40x120-cm","formati-20x120-cm","look-outdoor-de","look-wood-de"],"acf":[],"yoast_head":"<!-- This site is optimized with the Yoast SEO plugin v27.5 - https:\/\/yoast.com\/product\/yoast-seo-wordpress\/ -->\n<title>Evoque - Tagina<\/title>\n<meta name=\"description\" content=\"Boden- und Wandfliesenkollektion aus Feinsteinzeug in Eichenholzoptik, mit markanten Maserungen und \u00c4sten, f\u00fcr Umgebungen mit Komfort, Entspannung und W\u00e4rme.\" \/>\n<meta name=\"robots\" content=\"index, follow, max-snippet:-1, max-image-preview:large, max-video-preview:-1\" \/>\n<link rel=\"canonical\" href=\"https:\/\/www.tagina.it\/de\/collezioni\/evoque\/\" \/>\n<meta property=\"og:locale\" content=\"de_DE\" \/>\n<meta property=\"og:type\" content=\"article\" \/>\n<meta property=\"og:title\" content=\"Evoque - Tagina\" \/>\n<meta property=\"og:description\" content=\"Boden- und Wandfliesenkollektion aus Feinsteinzeug in Eichenholzoptik, mit markanten Maserungen und \u00c4sten, f\u00fcr Umgebungen mit Komfort, Entspannung und W\u00e4rme.\" \/>\n<meta property=\"og:url\" content=\"https:\/\/www.tagina.it\/de\/collezioni\/evoque\/\" \/>\n<meta property=\"og:site_name\" content=\"Tagina\" \/>\n<meta property=\"article:modified_time\" content=\"2025-03-27T09:13:31+00:00\" \/>\n<meta property=\"og:image\" content=\"https:\/\/www.tagina.it\/tag21\/tg21-cont\/uploads\/2021\/03\/Tagina-Evoque-Korina-living-p.jpg\" \/>\n\t<meta property=\"og:image:width\" content=\"1600\" \/>\n\t<meta property=\"og:image:height\" content=\"1071\" \/>\n\t<meta property=\"og:image:type\" content=\"image\/jpeg\" \/>\n<meta name=\"twitter:card\" content=\"summary_large_image\" \/>\n<meta name=\"twitter:label1\" content=\"Est. reading time\" \/>\n\t<meta name=\"twitter:data1\" content=\"1 minute\" \/>\n<script type=\"application\/ld+json\" class=\"yoast-schema-graph\">{\"@context\":\"https:\\\/\\\/schema.org\",\"@graph\":[{\"@type\":\"WebPage\",\"@id\":\"https:\\\/\\\/www.tagina.it\\\/de\\\/collezioni\\\/evoque\\\/\",\"url\":\"https:\\\/\\\/www.tagina.it\\\/de\\\/collezioni\\\/evoque\\\/\",\"name\":\"Evoque - Tagina\",\"isPartOf\":{\"@id\":\"https:\\\/\\\/www.tagina.it\\\/de\\\/#website\"},\"primaryImageOfPage\":{\"@id\":\"https:\\\/\\\/www.tagina.it\\\/de\\\/collezioni\\\/evoque\\\/#primaryimage\"},\"image\":{\"@id\":\"https:\\\/\\\/www.tagina.it\\\/de\\\/collezioni\\\/evoque\\\/#primaryimage\"},\"thumbnailUrl\":\"https:\\\/\\\/www.tagina.it\\\/tag21\\\/tg21-cont\\\/uploads\\\/2021\\\/03\\\/Tagina-Evoque-Korina-living-p.jpg\",\"datePublished\":\"2021-03-10T13:08:18+00:00\",\"dateModified\":\"2025-03-27T09:13:31+00:00\",\"description\":\"Boden- und Wandfliesenkollektion aus Feinsteinzeug in Eichenholzoptik, mit markanten Maserungen und \u00c4sten, f\u00fcr Umgebungen mit Komfort, Entspannung und W\u00e4rme.\",\"breadcrumb\":{\"@id\":\"https:\\\/\\\/www.tagina.it\\\/de\\\/collezioni\\\/evoque\\\/#breadcrumb\"},\"inLanguage\":\"de-DE\",\"potentialAction\":[{\"@type\":\"ReadAction\",\"target\":[\"https:\\\/\\\/www.tagina.it\\\/de\\\/collezioni\\\/evoque\\\/\"]}]},{\"@type\":\"ImageObject\",\"inLanguage\":\"de-DE\",\"@id\":\"https:\\\/\\\/www.tagina.it\\\/de\\\/collezioni\\\/evoque\\\/#primaryimage\",\"url\":\"https:\\\/\\\/www.tagina.it\\\/tag21\\\/tg21-cont\\\/uploads\\\/2021\\\/03\\\/Tagina-Evoque-Korina-living-p.jpg\",\"contentUrl\":\"https:\\\/\\\/www.tagina.it\\\/tag21\\\/tg21-cont\\\/uploads\\\/2021\\\/03\\\/Tagina-Evoque-Korina-living-p.jpg\",\"width\":1600,\"height\":1071,\"caption\":\"Wohnzimmer mit Sofa und Kamin, Wand mit Steinverkleidung und Feinsteinzeugboden in Holzoptik\"},{\"@type\":\"BreadcrumbList\",\"@id\":\"https:\\\/\\\/www.tagina.it\\\/de\\\/collezioni\\\/evoque\\\/#breadcrumb\",\"itemListElement\":[{\"@type\":\"ListItem\",\"position\":1,\"name\":\"Home\",\"item\":\"https:\\\/\\\/www.tagina.it\\\/de\\\/\"},{\"@type\":\"ListItem\",\"position\":2,\"name\":\"Collezioni\",\"item\":\"https:\\\/\\\/www.tagina.it\\\/de\\\/collezioni\\\/\"},{\"@type\":\"ListItem\",\"position\":3,\"name\":\"Evoque\"}]},{\"@type\":\"WebSite\",\"@id\":\"https:\\\/\\\/www.tagina.it\\\/de\\\/#website\",\"url\":\"https:\\\/\\\/www.tagina.it\\\/de\\\/\",\"name\":\"Tagina\",\"description\":\"Storie di stile\",\"publisher\":{\"@id\":\"https:\\\/\\\/www.tagina.it\\\/de\\\/#organization\"},\"potentialAction\":[{\"@type\":\"SearchAction\",\"target\":{\"@type\":\"EntryPoint\",\"urlTemplate\":\"https:\\\/\\\/www.tagina.it\\\/de\\\/?s={search_term_string}\"},\"query-input\":{\"@type\":\"PropertyValueSpecification\",\"valueRequired\":true,\"valueName\":\"search_term_string\"}}],\"inLanguage\":\"de-DE\"},{\"@type\":\"Organization\",\"@id\":\"https:\\\/\\\/www.tagina.it\\\/de\\\/#organization\",\"name\":\"Tagina\",\"url\":\"https:\\\/\\\/www.tagina.it\\\/de\\\/\",\"logo\":{\"@type\":\"ImageObject\",\"inLanguage\":\"de-DE\",\"@id\":\"https:\\\/\\\/www.tagina.it\\\/de\\\/#\\\/schema\\\/logo\\\/image\\\/\",\"url\":\"https:\\\/\\\/www.tagina.it\\\/tag21\\\/tg21-cont\\\/uploads\\\/2020\\\/12\\\/tagina-logo-h-bianco-oro.svg\",\"contentUrl\":\"https:\\\/\\\/www.tagina.it\\\/tag21\\\/tg21-cont\\\/uploads\\\/2020\\\/12\\\/tagina-logo-h-bianco-oro.svg\",\"width\":100,\"height\":100,\"caption\":\"Tagina\"},\"image\":{\"@id\":\"https:\\\/\\\/www.tagina.it\\\/de\\\/#\\\/schema\\\/logo\\\/image\\\/\"}}]}<\/script>\n<!-- \/ Yoast SEO plugin. -->","yoast_head_json":{"title":"Evoque - Tagina","description":"Boden- und Wandfliesenkollektion aus Feinsteinzeug in Eichenholzoptik, mit markanten Maserungen und \u00c4sten, f\u00fcr Umgebungen mit Komfort, Entspannung und W\u00e4rme.","robots":{"index":"index","follow":"follow","max-snippet":"max-snippet:-1","max-image-preview":"max-image-preview:large","max-video-preview":"max-video-preview:-1"},"canonical":"https:\/\/www.tagina.it\/de\/collezioni\/evoque\/","og_locale":"de_DE","og_type":"article","og_title":"Evoque - Tagina","og_description":"Boden- und Wandfliesenkollektion aus Feinsteinzeug in Eichenholzoptik, mit markanten Maserungen und \u00c4sten, f\u00fcr Umgebungen mit Komfort, Entspannung und W\u00e4rme.","og_url":"https:\/\/www.tagina.it\/de\/collezioni\/evoque\/","og_site_name":"Tagina","article_modified_time":"2025-03-27T09:13:31+00:00","og_image":[{"width":1600,"height":1071,"url":"https:\/\/www.tagina.it\/tag21\/tg21-cont\/uploads\/2021\/03\/Tagina-Evoque-Korina-living-p.jpg","type":"image\/jpeg"}],"twitter_card":"summary_large_image","twitter_misc":{"Est. reading time":"1 minute"},"schema":{"@context":"https:\/\/schema.org","@graph":[{"@type":"WebPage","@id":"https:\/\/www.tagina.it\/de\/collezioni\/evoque\/","url":"https:\/\/www.tagina.it\/de\/collezioni\/evoque\/","name":"Evoque - Tagina","isPartOf":{"@id":"https:\/\/www.tagina.it\/de\/#website"},"primaryImageOfPage":{"@id":"https:\/\/www.tagina.it\/de\/collezioni\/evoque\/#primaryimage"},"image":{"@id":"https:\/\/www.tagina.it\/de\/collezioni\/evoque\/#primaryimage"},"thumbnailUrl":"https:\/\/www.tagina.it\/tag21\/tg21-cont\/uploads\/2021\/03\/Tagina-Evoque-Korina-living-p.jpg","datePublished":"2021-03-10T13:08:18+00:00","dateModified":"2025-03-27T09:13:31+00:00","description":"Boden- und Wandfliesenkollektion aus Feinsteinzeug in Eichenholzoptik, mit markanten Maserungen und \u00c4sten, f\u00fcr Umgebungen mit Komfort, Entspannung und W\u00e4rme.","breadcrumb":{"@id":"https:\/\/www.tagina.it\/de\/collezioni\/evoque\/#breadcrumb"},"inLanguage":"de-DE","potentialAction":[{"@type":"ReadAction","target":["https:\/\/www.tagina.it\/de\/collezioni\/evoque\/"]}]},{"@type":"ImageObject","inLanguage":"de-DE","@id":"https:\/\/www.tagina.it\/de\/collezioni\/evoque\/#primaryimage","url":"https:\/\/www.tagina.it\/tag21\/tg21-cont\/uploads\/2021\/03\/Tagina-Evoque-Korina-living-p.jpg","contentUrl":"https:\/\/www.tagina.it\/tag21\/tg21-cont\/uploads\/2021\/03\/Tagina-Evoque-Korina-living-p.jpg","width":1600,"height":1071,"caption":"Wohnzimmer mit Sofa und Kamin, Wand mit Steinverkleidung und Feinsteinzeugboden in Holzoptik"},{"@type":"BreadcrumbList","@id":"https:\/\/www.tagina.it\/de\/collezioni\/evoque\/#breadcrumb","itemListElement":[{"@type":"ListItem","position":1,"name":"Home","item":"https:\/\/www.tagina.it\/de\/"},{"@type":"ListItem","position":2,"name":"Collezioni","item":"https:\/\/www.tagina.it\/de\/collezioni\/"},{"@type":"ListItem","position":3,"name":"Evoque"}]},{"@type":"WebSite","@id":"https:\/\/www.tagina.it\/de\/#website","url":"https:\/\/www.tagina.it\/de\/","name":"Tagina","description":"Storie di stile","publisher":{"@id":"https:\/\/www.tagina.it\/de\/#organization"},"potentialAction":[{"@type":"SearchAction","target":{"@type":"EntryPoint","urlTemplate":"https:\/\/www.tagina.it\/de\/?s={search_term_string}"},"query-input":{"@type":"PropertyValueSpecification","valueRequired":true,"valueName":"search_term_string"}}],"inLanguage":"de-DE"},{"@type":"Organization","@id":"https:\/\/www.tagina.it\/de\/#organization","name":"Tagina","url":"https:\/\/www.tagina.it\/de\/","logo":{"@type":"ImageObject","inLanguage":"de-DE","@id":"https:\/\/www.tagina.it\/de\/#\/schema\/logo\/image\/","url":"https:\/\/www.tagina.it\/tag21\/tg21-cont\/uploads\/2020\/12\/tagina-logo-h-bianco-oro.svg","contentUrl":"https:\/\/www.tagina.it\/tag21\/tg21-cont\/uploads\/2020\/12\/tagina-logo-h-bianco-oro.svg","width":100,"height":100,"caption":"Tagina"},"image":{"@id":"https:\/\/www.tagina.it\/de\/#\/schema\/logo\/image\/"}}]}},"_links":{"self":[{"href":"https:\/\/www.tagina.it\/de\/wp-json\/wp\/v2\/collezioni\/4326","targetHints":{"allow":["GET"]}}],"collection":[{"href":"https:\/\/www.tagina.it\/de\/wp-json\/wp\/v2\/collezioni"}],"about":[{"href":"https:\/\/www.tagina.it\/de\/wp-json\/wp\/v2\/types\/collezioni"}],"version-history":[{"count":3,"href":"https:\/\/www.tagina.it\/de\/wp-json\/wp\/v2\/collezioni\/4326\/revisions"}],"predecessor-version":[{"id":16373,"href":"https:\/\/www.tagina.it\/de\/wp-json\/wp\/v2\/collezioni\/4326\/revisions\/16373"}],"wp:featuredmedia":[{"embeddable":true,"href":"https:\/\/www.tagina.it\/de\/wp-json\/wp\/v2\/media\/4299"}],"wp:attachment":[{"href":"https:\/\/www.tagina.it\/de\/wp-json\/wp\/v2\/media?parent=4326"}],"wp:term":[{"taxonomy":"superfici","embeddable":true,"href":"https:\/\/www.tagina.it\/de\/wp-json\/wp\/v2\/superfici?post=4326"},{"taxonomy":"spessori","embeddable":true,"href":"https:\/\/www.tagina.it\/de\/wp-json\/wp\/v2\/spessori?post=4326"},{"taxonomy":"formati","embeddable":true,"href":"https:\/\/www.tagina.it\/de\/wp-json\/wp\/v2\/formati?post=4326"},{"taxonomy":"look","embeddable":true,"href":"https:\/\/www.tagina.it\/de\/wp-json\/wp\/v2\/look?post=4326"},{"taxonomy":"decori","embeddable":true,"href":"https:\/\/www.tagina.it\/de\/wp-json\/wp\/v2\/decori?post=4326"}],"curies":[{"name":"wp","href":"https:\/\/api.w.org\/{rel}","templated":true}]}}

<p>Evoque ist von einer italienischen Eiche inspiriert, einem schlichten und eleganten Holz, das “natürlich” ist und ein Gefühl von Wärme, Komfort und Entspannung in den Zimmern hervorruft. Eine Kollektion, die Stil und Technologie vereint, die zur Erzielung eines samtigen Oberflächeneffektes bei der Berührung unerlässlich ist und sich gleichzeitig durch den für Naturholz typischen geringen Grad der Lichtreflexion auszeichnet. Das Gefühl der Echtheit des Holzes wird in der Grafik durch die Verwendung der hohen Auflösung verstärkt, um Aderungen und Astknoten mit äußerster Detailgenauigkeit nachzubilden. Erhältlich sind 5 Farbtöne, sowohl bei der Version für den Innen- als auch bei der für den Außenbereich.</p>

<p>Evoque ist von einer italienischen Eiche inspiriert, einem schlichten und eleganten Holz, das “natürlich” ist und ein Gefühl von Wärme, Komfort und Entspannung in den Zimmern hervorruft. Eine Kollektion, die Stil und Technologie vereint, die zur Erzielung eines samtigen Oberflächeneffektes bei der Berührung unerlässlich ist und sich gleichzeitig durch den für Naturholz typischen geringen Grad [&hellip;]</p>

<!-- This site is optimized with the Yoast SEO plugin v27.5 - https://yoast.com/product/yoast-seo-wordpress/ -->
<title>Evoque - Tagina</title>
<meta name="description" content="Boden- und Wandfliesenkollektion aus Feinsteinzeug in Eichenholzoptik, mit markanten Maserungen und Ästen, für Umgebungen mit Komfort, Entspannung und Wärme." />
<meta name="robots" content="index, follow, max-snippet:-1, max-image-preview:large, max-video-preview:-1" />
<link rel="canonical" href="https://www.tagina.it/de/collezioni/evoque/" />
<meta property="og:locale" content="de_DE" />
<meta property="og:type" content="article" />
<meta property="og:title" content="Evoque - Tagina" />
<meta property="og:description" content="Boden- und Wandfliesenkollektion aus Feinsteinzeug in Eichenholzoptik, mit markanten Maserungen und Ästen, für Umgebungen mit Komfort, Entspannung und Wärme." />
<meta property="og:url" content="https://www.tagina.it/de/collezioni/evoque/" />
<meta property="og:site_name" content="Tagina" />
<meta property="article:modified_time" content="2025-03-27T09:13:31+00:00" />
<meta property="og:image" content="https://www.tagina.it/tag21/tg21-cont/uploads/2021/03/Tagina-Evoque-Korina-living-p.jpg" />
	<meta property="og:image:width" content="1600" />
	<meta property="og:image:height" content="1071" />
	<meta property="og:image:type" content="image/jpeg" />
<meta name="twitter:card" content="summary_large_image" />
<meta name="twitter:label1" content="Est. reading time" />
	<meta name="twitter:data1" content="1 minute" />
<script type="application/ld+json" class="yoast-schema-graph">{"@context":"https:\/\/schema.org","@graph":[{"@type":"WebPage","@id":"https:\/\/www.tagina.it\/de\/collezioni\/evoque\/","url":"https:\/\/www.tagina.it\/de\/collezioni\/evoque\/","name":"Evoque - Tagina","isPartOf":{"@id":"https:\/\/www.tagina.it\/de\/#website"},"primaryImageOfPage":{"@id":"https:\/\/www.tagina.it\/de\/collezioni\/evoque\/#primaryimage"},"image":{"@id":"https:\/\/www.tagina.it\/de\/collezioni\/evoque\/#primaryimage"},"thumbnailUrl":"https:\/\/www.tagina.it\/tag21\/tg21-cont\/uploads\/2021\/03\/Tagina-Evoque-Korina-living-p.jpg","datePublished":"2021-03-10T13:08:18+00:00","dateModified":"2025-03-27T09:13:31+00:00","description":"Boden- und Wandfliesenkollektion aus Feinsteinzeug in Eichenholzoptik, mit markanten Maserungen und Ästen, für Umgebungen mit Komfort, Entspannung und Wärme.","breadcrumb":{"@id":"https:\/\/www.tagina.it\/de\/collezioni\/evoque\/#breadcrumb"},"inLanguage":"de-DE","potentialAction":[{"@type":"ReadAction","target":["https:\/\/www.tagina.it\/de\/collezioni\/evoque\/"]}]},{"@type":"ImageObject","inLanguage":"de-DE","@id":"https:\/\/www.tagina.it\/de\/collezioni\/evoque\/#primaryimage","url":"https:\/\/www.tagina.it\/tag21\/tg21-cont\/uploads\/2021\/03\/Tagina-Evoque-Korina-living-p.jpg","contentUrl":"https:\/\/www.tagina.it\/tag21\/tg21-cont\/uploads\/2021\/03\/Tagina-Evoque-Korina-living-p.jpg","width":1600,"height":1071,"caption":"Wohnzimmer mit Sofa und Kamin, Wand mit Steinverkleidung und Feinsteinzeugboden in Holzoptik"},{"@type":"BreadcrumbList","@id":"https:\/\/www.tagina.it\/de\/collezioni\/evoque\/#breadcrumb","itemListElement":[{"@type":"ListItem","position":1,"name":"Home","item":"https:\/\/www.tagina.it\/de\/"},{"@type":"ListItem","position":2,"name":"Collezioni","item":"https:\/\/www.tagina.it\/de\/collezioni\/"},{"@type":"ListItem","position":3,"name":"Evoque"}]},{"@type":"WebSite","@id":"https:\/\/www.tagina.it\/de\/#website","url":"https:\/\/www.tagina.it\/de\/","name":"Tagina","description":"Storie di stile","publisher":{"@id":"https:\/\/www.tagina.it\/de\/#organization"},"potentialAction":[{"@type":"SearchAction","target":{"@type":"EntryPoint","urlTemplate":"https:\/\/www.tagina.it\/de\/?s={search_term_string}"},"query-input":{"@type":"PropertyValueSpecification","valueRequired":true,"valueName":"search_term_string"}}],"inLanguage":"de-DE"},{"@type":"Organization","@id":"https:\/\/www.tagina.it\/de\/#organization","name":"Tagina","url":"https:\/\/www.tagina.it\/de\/","logo":{"@type":"ImageObject","inLanguage":"de-DE","@id":"https:\/\/www.tagina.it\/de\/#\/schema\/logo\/image\/","url":"https:\/\/www.tagina.it\/tag21\/tg21-cont\/uploads\/2020\/12\/tagina-logo-h-bianco-oro.svg","contentUrl":"https:\/\/www.tagina.it\/tag21\/tg21-cont\/uploads\/2020\/12\/tagina-logo-h-bianco-oro.svg","width":100,"height":100,"caption":"Tagina"},"image":{"@id":"https:\/\/www.tagina.it\/de\/#\/schema\/logo\/image\/"}}]}</script>
<!-- / Yoast SEO plugin. -->

Boden- und Wandfliesenkollektion aus Feinsteinzeug in Eichenholzoptik, mit markanten Maserungen und Ästen, für Umgebungen mit Komfort, Entspannung und Wärme.
