{"id":3496,"date":"2020-12-03T12:43:49","date_gmt":"2020-12-03T11:43:49","guid":{"rendered":"https:\/\/www.tagina.it\/collezioni\/pietra-regale\/"},"modified":"2026-03-05T10:15:27","modified_gmt":"2026-03-05T09:15:27","slug":"pietra-regale","status":"publish","type":"collezioni","link":"https:\/\/www.tagina.it\/de\/collezioni\/pietra-regale\/","title":{"rendered":"Pietra Regale"},"content":{"rendered":"<p>Der trockene aber gleichzeitig kr\u00e4ftige Charakter der Pietra di Luserna (seit Jahrhunderten Stolz der piemontesischen Architektur, in historisch symbolischen Bauten verwendet, wie die Reggia di Venariam und Mole Antonelliana) lebt in der Pietra Regale wieder auf. Eine Serie, die dieses noble Material mit modernen Charme umkleidet und dessen Anwendung f\u00fcr Projekte interessanter macht, dank der bekannten Eigenschaften von Feinsteinzeug wie Vielseitigkeit, Belastbarkeit und Zweckm\u00e4\u00dfigkeit. 5 Farben in 2 St\u00e4rken f\u00fcr ein Design, in der Lage unterschiedliche Kontexte und Anwendungsbereiche zu konjugieren, wie Indoor und Outdoor, Image und Substanz, Tradition und Innovation.<\/p>\n","protected":false},"excerpt":{"rendered":"<p>Der trockene aber gleichzeitig kr\u00e4ftige Charakter der Pietra di Luserna (seit Jahrhunderten Stolz der piemontesischen Architektur, in historisch symbolischen Bauten verwendet, wie die Reggia di Venariam und Mole Antonelliana) lebt in der Pietra Regale wieder auf. Eine Serie, die dieses noble Material mit modernen Charme umkleidet und dessen Anwendung f\u00fcr Projekte interessanter macht, dank der [&hellip;]<\/p>\n","protected":false},"featured_media":4069,"parent":0,"menu_order":50,"template":"","meta":{"_acf_changed":false,"footnotes":""},"superfici":[135,137],"spessori":[190,20],"formati":[22,23,186,24,92],"look":[133,134],"decori":[304,305],"class_list":["post-3496","collezioni","type-collezioni","status-publish","has-post-thumbnail","hentry","superfici-natur-oberflache","superfici-r11-de","spessori-9-mm","spessori-20-mm","formati-60x120-cm","formati-90x90-cm","formati-302x604-cm","formati-60x60-cm","formati-30x60-cm","look-stone-classic-de","look-outdoor-de","decori-mosaico-5x5-30x30-cm","decori-muretto-15x60-cm"],"acf":[],"yoast_head":"<!-- This site is optimized with the Yoast SEO plugin v27.4 - https:\/\/yoast.com\/product\/yoast-seo-wordpress\/ -->\n<title>Pietra Regale - Tagina<\/title>\n<meta name=\"description\" content=\"Eine Kollektion aus Feinsteinzeug in Luserna-Steinoptik f\u00fcr Au\u00dfen- und Innenb\u00f6den und -w\u00e4nde, erh\u00e4ltlich in 6 Formaten.\" \/>\n<meta name=\"robots\" content=\"index, follow, max-snippet:-1, max-image-preview:large, max-video-preview:-1\" \/>\n<link rel=\"canonical\" href=\"https:\/\/www.tagina.it\/de\/collezioni\/pietra-regale\/\" \/>\n<meta property=\"og:locale\" content=\"de_DE\" \/>\n<meta property=\"og:type\" content=\"article\" \/>\n<meta property=\"og:title\" content=\"Pietra Regale - Tagina\" \/>\n<meta property=\"og:description\" content=\"Eine Kollektion aus Feinsteinzeug in Luserna-Steinoptik f\u00fcr Au\u00dfen- und Innenb\u00f6den und -w\u00e4nde, erh\u00e4ltlich in 6 Formaten.\" \/>\n<meta property=\"og:url\" content=\"https:\/\/www.tagina.it\/de\/collezioni\/pietra-regale\/\" \/>\n<meta property=\"og:site_name\" content=\"Tagina\" \/>\n<meta property=\"article:modified_time\" content=\"2026-03-05T09:15:27+00:00\" \/>\n<meta property=\"og:image\" content=\"https:\/\/www.tagina.it\/tag21\/tg21-cont\/uploads\/2021\/03\/Tagina-PietraRegale-Ostana-living-1024x791.jpg\" \/>\n\t<meta property=\"og:image:width\" content=\"1024\" \/>\n\t<meta property=\"og:image:height\" content=\"791\" \/>\n\t<meta property=\"og:image:type\" content=\"image\/jpeg\" \/>\n<meta name=\"twitter:card\" content=\"summary_large_image\" \/>\n<meta name=\"twitter:label1\" content=\"Est. reading time\" \/>\n\t<meta name=\"twitter:data1\" content=\"1 minute\" \/>\n<script type=\"application\/ld+json\" class=\"yoast-schema-graph\">{\"@context\":\"https:\\\/\\\/schema.org\",\"@graph\":[{\"@type\":\"WebPage\",\"@id\":\"https:\\\/\\\/www.tagina.it\\\/de\\\/collezioni\\\/pietra-regale\\\/\",\"url\":\"https:\\\/\\\/www.tagina.it\\\/de\\\/collezioni\\\/pietra-regale\\\/\",\"name\":\"Pietra Regale - Tagina\",\"isPartOf\":{\"@id\":\"https:\\\/\\\/www.tagina.it\\\/de\\\/#website\"},\"primaryImageOfPage\":{\"@id\":\"https:\\\/\\\/www.tagina.it\\\/de\\\/collezioni\\\/pietra-regale\\\/#primaryimage\"},\"image\":{\"@id\":\"https:\\\/\\\/www.tagina.it\\\/de\\\/collezioni\\\/pietra-regale\\\/#primaryimage\"},\"thumbnailUrl\":\"https:\\\/\\\/www.tagina.it\\\/tag21\\\/tg21-cont\\\/uploads\\\/2021\\\/03\\\/Tagina-PietraRegale-Ostana-living.jpg\",\"datePublished\":\"2020-12-03T11:43:49+00:00\",\"dateModified\":\"2026-03-05T09:15:27+00:00\",\"description\":\"Eine Kollektion aus Feinsteinzeug in Luserna-Steinoptik f\u00fcr Au\u00dfen- und Innenb\u00f6den und -w\u00e4nde, erh\u00e4ltlich in 6 Formaten.\",\"breadcrumb\":{\"@id\":\"https:\\\/\\\/www.tagina.it\\\/de\\\/collezioni\\\/pietra-regale\\\/#breadcrumb\"},\"inLanguage\":\"de-DE\",\"potentialAction\":[{\"@type\":\"ReadAction\",\"target\":[\"https:\\\/\\\/www.tagina.it\\\/de\\\/collezioni\\\/pietra-regale\\\/\"]}]},{\"@type\":\"ImageObject\",\"inLanguage\":\"de-DE\",\"@id\":\"https:\\\/\\\/www.tagina.it\\\/de\\\/collezioni\\\/pietra-regale\\\/#primaryimage\",\"url\":\"https:\\\/\\\/www.tagina.it\\\/tag21\\\/tg21-cont\\\/uploads\\\/2021\\\/03\\\/Tagina-PietraRegale-Ostana-living.jpg\",\"contentUrl\":\"https:\\\/\\\/www.tagina.it\\\/tag21\\\/tg21-cont\\\/uploads\\\/2021\\\/03\\\/Tagina-PietraRegale-Ostana-living.jpg\",\"width\":2072,\"height\":1600,\"caption\":\"Offener Wohn- und K\u00fcchenbereich mit grauem Feinsteinzeug in Steinoptik\"},{\"@type\":\"BreadcrumbList\",\"@id\":\"https:\\\/\\\/www.tagina.it\\\/de\\\/collezioni\\\/pietra-regale\\\/#breadcrumb\",\"itemListElement\":[{\"@type\":\"ListItem\",\"position\":1,\"name\":\"Home\",\"item\":\"https:\\\/\\\/www.tagina.it\\\/de\\\/\"},{\"@type\":\"ListItem\",\"position\":2,\"name\":\"Collezioni\",\"item\":\"https:\\\/\\\/www.tagina.it\\\/de\\\/collezioni\\\/\"},{\"@type\":\"ListItem\",\"position\":3,\"name\":\"Pietra Regale\"}]},{\"@type\":\"WebSite\",\"@id\":\"https:\\\/\\\/www.tagina.it\\\/de\\\/#website\",\"url\":\"https:\\\/\\\/www.tagina.it\\\/de\\\/\",\"name\":\"Tagina\",\"description\":\"Storie di stile\",\"publisher\":{\"@id\":\"https:\\\/\\\/www.tagina.it\\\/de\\\/#organization\"},\"potentialAction\":[{\"@type\":\"SearchAction\",\"target\":{\"@type\":\"EntryPoint\",\"urlTemplate\":\"https:\\\/\\\/www.tagina.it\\\/de\\\/?s={search_term_string}\"},\"query-input\":{\"@type\":\"PropertyValueSpecification\",\"valueRequired\":true,\"valueName\":\"search_term_string\"}}],\"inLanguage\":\"de-DE\"},{\"@type\":\"Organization\",\"@id\":\"https:\\\/\\\/www.tagina.it\\\/de\\\/#organization\",\"name\":\"Tagina\",\"url\":\"https:\\\/\\\/www.tagina.it\\\/de\\\/\",\"logo\":{\"@type\":\"ImageObject\",\"inLanguage\":\"de-DE\",\"@id\":\"https:\\\/\\\/www.tagina.it\\\/de\\\/#\\\/schema\\\/logo\\\/image\\\/\",\"url\":\"https:\\\/\\\/www.tagina.it\\\/tag21\\\/tg21-cont\\\/uploads\\\/2020\\\/12\\\/tagina-logo-h-bianco-oro.svg\",\"contentUrl\":\"https:\\\/\\\/www.tagina.it\\\/tag21\\\/tg21-cont\\\/uploads\\\/2020\\\/12\\\/tagina-logo-h-bianco-oro.svg\",\"width\":100,\"height\":100,\"caption\":\"Tagina\"},\"image\":{\"@id\":\"https:\\\/\\\/www.tagina.it\\\/de\\\/#\\\/schema\\\/logo\\\/image\\\/\"}}]}<\/script>\n<!-- \/ Yoast SEO plugin. -->","yoast_head_json":{"title":"Pietra Regale - Tagina","description":"Eine Kollektion aus Feinsteinzeug in Luserna-Steinoptik f\u00fcr Au\u00dfen- und Innenb\u00f6den und -w\u00e4nde, erh\u00e4ltlich in 6 Formaten.","robots":{"index":"index","follow":"follow","max-snippet":"max-snippet:-1","max-image-preview":"max-image-preview:large","max-video-preview":"max-video-preview:-1"},"canonical":"https:\/\/www.tagina.it\/de\/collezioni\/pietra-regale\/","og_locale":"de_DE","og_type":"article","og_title":"Pietra Regale - Tagina","og_description":"Eine Kollektion aus Feinsteinzeug in Luserna-Steinoptik f\u00fcr Au\u00dfen- und Innenb\u00f6den und -w\u00e4nde, erh\u00e4ltlich in 6 Formaten.","og_url":"https:\/\/www.tagina.it\/de\/collezioni\/pietra-regale\/","og_site_name":"Tagina","article_modified_time":"2026-03-05T09:15:27+00:00","og_image":[{"width":1024,"height":791,"url":"https:\/\/www.tagina.it\/tag21\/tg21-cont\/uploads\/2021\/03\/Tagina-PietraRegale-Ostana-living-1024x791.jpg","type":"image\/jpeg"}],"twitter_card":"summary_large_image","twitter_misc":{"Est. reading time":"1 minute"},"schema":{"@context":"https:\/\/schema.org","@graph":[{"@type":"WebPage","@id":"https:\/\/www.tagina.it\/de\/collezioni\/pietra-regale\/","url":"https:\/\/www.tagina.it\/de\/collezioni\/pietra-regale\/","name":"Pietra Regale - Tagina","isPartOf":{"@id":"https:\/\/www.tagina.it\/de\/#website"},"primaryImageOfPage":{"@id":"https:\/\/www.tagina.it\/de\/collezioni\/pietra-regale\/#primaryimage"},"image":{"@id":"https:\/\/www.tagina.it\/de\/collezioni\/pietra-regale\/#primaryimage"},"thumbnailUrl":"https:\/\/www.tagina.it\/tag21\/tg21-cont\/uploads\/2021\/03\/Tagina-PietraRegale-Ostana-living.jpg","datePublished":"2020-12-03T11:43:49+00:00","dateModified":"2026-03-05T09:15:27+00:00","description":"Eine Kollektion aus Feinsteinzeug in Luserna-Steinoptik f\u00fcr Au\u00dfen- und Innenb\u00f6den und -w\u00e4nde, erh\u00e4ltlich in 6 Formaten.","breadcrumb":{"@id":"https:\/\/www.tagina.it\/de\/collezioni\/pietra-regale\/#breadcrumb"},"inLanguage":"de-DE","potentialAction":[{"@type":"ReadAction","target":["https:\/\/www.tagina.it\/de\/collezioni\/pietra-regale\/"]}]},{"@type":"ImageObject","inLanguage":"de-DE","@id":"https:\/\/www.tagina.it\/de\/collezioni\/pietra-regale\/#primaryimage","url":"https:\/\/www.tagina.it\/tag21\/tg21-cont\/uploads\/2021\/03\/Tagina-PietraRegale-Ostana-living.jpg","contentUrl":"https:\/\/www.tagina.it\/tag21\/tg21-cont\/uploads\/2021\/03\/Tagina-PietraRegale-Ostana-living.jpg","width":2072,"height":1600,"caption":"Offener Wohn- und K\u00fcchenbereich mit grauem Feinsteinzeug in Steinoptik"},{"@type":"BreadcrumbList","@id":"https:\/\/www.tagina.it\/de\/collezioni\/pietra-regale\/#breadcrumb","itemListElement":[{"@type":"ListItem","position":1,"name":"Home","item":"https:\/\/www.tagina.it\/de\/"},{"@type":"ListItem","position":2,"name":"Collezioni","item":"https:\/\/www.tagina.it\/de\/collezioni\/"},{"@type":"ListItem","position":3,"name":"Pietra Regale"}]},{"@type":"WebSite","@id":"https:\/\/www.tagina.it\/de\/#website","url":"https:\/\/www.tagina.it\/de\/","name":"Tagina","description":"Storie di stile","publisher":{"@id":"https:\/\/www.tagina.it\/de\/#organization"},"potentialAction":[{"@type":"SearchAction","target":{"@type":"EntryPoint","urlTemplate":"https:\/\/www.tagina.it\/de\/?s={search_term_string}"},"query-input":{"@type":"PropertyValueSpecification","valueRequired":true,"valueName":"search_term_string"}}],"inLanguage":"de-DE"},{"@type":"Organization","@id":"https:\/\/www.tagina.it\/de\/#organization","name":"Tagina","url":"https:\/\/www.tagina.it\/de\/","logo":{"@type":"ImageObject","inLanguage":"de-DE","@id":"https:\/\/www.tagina.it\/de\/#\/schema\/logo\/image\/","url":"https:\/\/www.tagina.it\/tag21\/tg21-cont\/uploads\/2020\/12\/tagina-logo-h-bianco-oro.svg","contentUrl":"https:\/\/www.tagina.it\/tag21\/tg21-cont\/uploads\/2020\/12\/tagina-logo-h-bianco-oro.svg","width":100,"height":100,"caption":"Tagina"},"image":{"@id":"https:\/\/www.tagina.it\/de\/#\/schema\/logo\/image\/"}}]}},"_links":{"self":[{"href":"https:\/\/www.tagina.it\/de\/wp-json\/wp\/v2\/collezioni\/3496","targetHints":{"allow":["GET"]}}],"collection":[{"href":"https:\/\/www.tagina.it\/de\/wp-json\/wp\/v2\/collezioni"}],"about":[{"href":"https:\/\/www.tagina.it\/de\/wp-json\/wp\/v2\/types\/collezioni"}],"version-history":[{"count":4,"href":"https:\/\/www.tagina.it\/de\/wp-json\/wp\/v2\/collezioni\/3496\/revisions"}],"predecessor-version":[{"id":16443,"href":"https:\/\/www.tagina.it\/de\/wp-json\/wp\/v2\/collezioni\/3496\/revisions\/16443"}],"wp:featuredmedia":[{"embeddable":true,"href":"https:\/\/www.tagina.it\/de\/wp-json\/wp\/v2\/media\/4069"}],"wp:attachment":[{"href":"https:\/\/www.tagina.it\/de\/wp-json\/wp\/v2\/media?parent=3496"}],"wp:term":[{"taxonomy":"superfici","embeddable":true,"href":"https:\/\/www.tagina.it\/de\/wp-json\/wp\/v2\/superfici?post=3496"},{"taxonomy":"spessori","embeddable":true,"href":"https:\/\/www.tagina.it\/de\/wp-json\/wp\/v2\/spessori?post=3496"},{"taxonomy":"formati","embeddable":true,"href":"https:\/\/www.tagina.it\/de\/wp-json\/wp\/v2\/formati?post=3496"},{"taxonomy":"look","embeddable":true,"href":"https:\/\/www.tagina.it\/de\/wp-json\/wp\/v2\/look?post=3496"},{"taxonomy":"decori","embeddable":true,"href":"https:\/\/www.tagina.it\/de\/wp-json\/wp\/v2\/decori?post=3496"}],"curies":[{"name":"wp","href":"https:\/\/api.w.org\/{rel}","templated":true}]}}

<p>Der trockene aber gleichzeitig kräftige Charakter der Pietra di Luserna (seit Jahrhunderten Stolz der piemontesischen Architektur, in historisch symbolischen Bauten verwendet, wie die Reggia di Venariam und Mole Antonelliana) lebt in der Pietra Regale wieder auf. Eine Serie, die dieses noble Material mit modernen Charme umkleidet und dessen Anwendung für Projekte interessanter macht, dank der bekannten Eigenschaften von Feinsteinzeug wie Vielseitigkeit, Belastbarkeit und Zweckmäßigkeit. 5 Farben in 2 Stärken für ein Design, in der Lage unterschiedliche Kontexte und Anwendungsbereiche zu konjugieren, wie Indoor und Outdoor, Image und Substanz, Tradition und Innovation.</p>

<p>Der trockene aber gleichzeitig kräftige Charakter der Pietra di Luserna (seit Jahrhunderten Stolz der piemontesischen Architektur, in historisch symbolischen Bauten verwendet, wie die Reggia di Venariam und Mole Antonelliana) lebt in der Pietra Regale wieder auf. Eine Serie, die dieses noble Material mit modernen Charme umkleidet und dessen Anwendung für Projekte interessanter macht, dank der [&hellip;]</p>

<!-- This site is optimized with the Yoast SEO plugin v27.4 - https://yoast.com/product/yoast-seo-wordpress/ -->
<title>Pietra Regale - Tagina</title>
<meta name="description" content="Eine Kollektion aus Feinsteinzeug in Luserna-Steinoptik für Außen- und Innenböden und -wände, erhältlich in 6 Formaten." />
<meta name="robots" content="index, follow, max-snippet:-1, max-image-preview:large, max-video-preview:-1" />
<link rel="canonical" href="https://www.tagina.it/de/collezioni/pietra-regale/" />
<meta property="og:locale" content="de_DE" />
<meta property="og:type" content="article" />
<meta property="og:title" content="Pietra Regale - Tagina" />
<meta property="og:description" content="Eine Kollektion aus Feinsteinzeug in Luserna-Steinoptik für Außen- und Innenböden und -wände, erhältlich in 6 Formaten." />
<meta property="og:url" content="https://www.tagina.it/de/collezioni/pietra-regale/" />
<meta property="og:site_name" content="Tagina" />
<meta property="article:modified_time" content="2026-03-05T09:15:27+00:00" />
<meta property="og:image" content="https://www.tagina.it/tag21/tg21-cont/uploads/2021/03/Tagina-PietraRegale-Ostana-living-1024x791.jpg" />
	<meta property="og:image:width" content="1024" />
	<meta property="og:image:height" content="791" />
	<meta property="og:image:type" content="image/jpeg" />
<meta name="twitter:card" content="summary_large_image" />
<meta name="twitter:label1" content="Est. reading time" />
	<meta name="twitter:data1" content="1 minute" />
<script type="application/ld+json" class="yoast-schema-graph">{"@context":"https:\/\/schema.org","@graph":[{"@type":"WebPage","@id":"https:\/\/www.tagina.it\/de\/collezioni\/pietra-regale\/","url":"https:\/\/www.tagina.it\/de\/collezioni\/pietra-regale\/","name":"Pietra Regale - Tagina","isPartOf":{"@id":"https:\/\/www.tagina.it\/de\/#website"},"primaryImageOfPage":{"@id":"https:\/\/www.tagina.it\/de\/collezioni\/pietra-regale\/#primaryimage"},"image":{"@id":"https:\/\/www.tagina.it\/de\/collezioni\/pietra-regale\/#primaryimage"},"thumbnailUrl":"https:\/\/www.tagina.it\/tag21\/tg21-cont\/uploads\/2021\/03\/Tagina-PietraRegale-Ostana-living.jpg","datePublished":"2020-12-03T11:43:49+00:00","dateModified":"2026-03-05T09:15:27+00:00","description":"Eine Kollektion aus Feinsteinzeug in Luserna-Steinoptik für Außen- und Innenböden und -wände, erhältlich in 6 Formaten.","breadcrumb":{"@id":"https:\/\/www.tagina.it\/de\/collezioni\/pietra-regale\/#breadcrumb"},"inLanguage":"de-DE","potentialAction":[{"@type":"ReadAction","target":["https:\/\/www.tagina.it\/de\/collezioni\/pietra-regale\/"]}]},{"@type":"ImageObject","inLanguage":"de-DE","@id":"https:\/\/www.tagina.it\/de\/collezioni\/pietra-regale\/#primaryimage","url":"https:\/\/www.tagina.it\/tag21\/tg21-cont\/uploads\/2021\/03\/Tagina-PietraRegale-Ostana-living.jpg","contentUrl":"https:\/\/www.tagina.it\/tag21\/tg21-cont\/uploads\/2021\/03\/Tagina-PietraRegale-Ostana-living.jpg","width":2072,"height":1600,"caption":"Offener Wohn- und Küchenbereich mit grauem Feinsteinzeug in Steinoptik"},{"@type":"BreadcrumbList","@id":"https:\/\/www.tagina.it\/de\/collezioni\/pietra-regale\/#breadcrumb","itemListElement":[{"@type":"ListItem","position":1,"name":"Home","item":"https:\/\/www.tagina.it\/de\/"},{"@type":"ListItem","position":2,"name":"Collezioni","item":"https:\/\/www.tagina.it\/de\/collezioni\/"},{"@type":"ListItem","position":3,"name":"Pietra Regale"}]},{"@type":"WebSite","@id":"https:\/\/www.tagina.it\/de\/#website","url":"https:\/\/www.tagina.it\/de\/","name":"Tagina","description":"Storie di stile","publisher":{"@id":"https:\/\/www.tagina.it\/de\/#organization"},"potentialAction":[{"@type":"SearchAction","target":{"@type":"EntryPoint","urlTemplate":"https:\/\/www.tagina.it\/de\/?s={search_term_string}"},"query-input":{"@type":"PropertyValueSpecification","valueRequired":true,"valueName":"search_term_string"}}],"inLanguage":"de-DE"},{"@type":"Organization","@id":"https:\/\/www.tagina.it\/de\/#organization","name":"Tagina","url":"https:\/\/www.tagina.it\/de\/","logo":{"@type":"ImageObject","inLanguage":"de-DE","@id":"https:\/\/www.tagina.it\/de\/#\/schema\/logo\/image\/","url":"https:\/\/www.tagina.it\/tag21\/tg21-cont\/uploads\/2020\/12\/tagina-logo-h-bianco-oro.svg","contentUrl":"https:\/\/www.tagina.it\/tag21\/tg21-cont\/uploads\/2020\/12\/tagina-logo-h-bianco-oro.svg","width":100,"height":100,"caption":"Tagina"},"image":{"@id":"https:\/\/www.tagina.it\/de\/#\/schema\/logo\/image\/"}}]}</script>
<!-- / Yoast SEO plugin. -->

Eine Kollektion aus Feinsteinzeug in Luserna-Steinoptik für Außen- und Innenböden und -wände, erhältlich in 6 Formaten.

Offener Wohn- und Küchenbereich mit grauem Feinsteinzeug in Steinoptik
